{"id":2281,"date":"2023-11-28T11:43:00","date_gmt":"2023-11-28T11:43:00","guid":{"rendered":"https:\/\/cercledeconsciencia.com\/?post_type=mec-events&#038;p=2281"},"modified":"2024-02-20T00:19:15","modified_gmt":"2024-02-20T00:19:15","slug":"el-cos-un-lloc-on-tornar","status":"publish","type":"mec-events","link":"https:\/\/cercledeconsciencia.com\/ca\/actividades\/el-cuerpo-un-lugar-donde-volver\/","title":{"rendered":"El cos, un lloc on tornar"},"content":{"rendered":"<p>Des de l&#039;abordatge corporal refermem la capacitat d&#039;autosostenir-nos a la vida. Des de la TCI busquem recuperar aquests recursos que ens porten a tornar a sentir el cos com un lloc de sustentaci\u00f3 a la vida. Quan perdem aquesta capacitat, necessitem cont\u00ednuament el suport de fora. Parlarem de les eines que proporciona la TCI per tornar a sentir el suport en nosaltres mateixos.<\/p>\n<p><b>Imparteixen:<\/b><\/p>\n<p><strong>Maria Saura<\/strong>. Directora pedag\u00f2gica, terapeuta corporal i docent TCI.<\/p>\n<p><strong>Cristina Ribera<\/strong>. Psic\u00f2loga, terapeuta corporal i docent TCI.<\/p>\n<p><strong>Helena Sagrist\u00e0<\/strong>. Terapeuta corporal i docent TCI.<\/p>\n<p><strong>Ra\u00fal Andreu<\/strong>. Terapeuta corporal i docent TCI.<\/p>\n<p><strong>Jaume Calafat<\/strong>. Terapeuta corporal i docent TCI.<\/p>\n<p><strong>Data:<\/strong> 23 de setembre de 19.30 a 21.00 h.<br \/>\n<strong>Enlla\u00e7<span style=\"font-weight: 400;\"> a consultar. <a style=\"color: #00806a;\" href=\"https:\/\/bit.ly\/cuerpovolver \">https:\/\/bit.ly\/cuerpovolver <\/a><\/span><\/span><\/strong><br \/>\n<strong>Preu:<\/strong>\u00a0Gratu\u00eft<\/p>","protected":false},"excerpt":{"rendered":"<p>Desde el abordaje corporal afianzamos la capacidad de autosostenernos en la vida. Desde la TCI buscamos recuperar esos recursos que nos llevan a volver a sentir el cuerpo como un [&hellip;]<\/p>\n","protected":false},"author":1,"featured_media":2561,"comment_status":"closed","ping_status":"closed","template":"","tags":[97],"mec_category":[50,71],"mec_speaker":[100,101,103,99,102],"class_list":["post-2281","mec-events","type-mec-events","status-publish","has-post-thumbnail","hentry","tag-modalidad-online","mec_category-conferencia","mec_category-cuerpo"],"yoast_head":"<!-- This site is optimized with the Yoast SEO plugin v27.4 - https:\/\/yoast.com\/product\/yoast-seo-wordpress\/ -->\n<title>El cuerpo, un lugar donde volver - Cercle de Consci\u00e8ncia<\/title>\n<meta name=\"robots\" content=\"index, follow, max-snippet:-1, max-image-preview:large, max-video-preview:-1\" \/>\n<link rel=\"canonical\" href=\"https:\/\/cercledeconsciencia.com\/ca\/activitats\/el-cos-un-lloc-on-tornar\/\" \/>\n<meta property=\"og:locale\" content=\"ca_ES\" \/>\n<meta property=\"og:type\" content=\"article\" \/>\n<meta property=\"og:title\" content=\"El cuerpo, un lugar donde volver - Cercle de Consci\u00e8ncia\" \/>\n<meta property=\"og:description\" content=\"Desde el abordaje corporal afianzamos la capacidad de autosostenernos en la vida. Desde la TCI buscamos recuperar esos recursos que nos llevan a volver a sentir el cuerpo como un [&hellip;]\" \/>\n<meta property=\"og:url\" content=\"https:\/\/cercledeconsciencia.com\/ca\/activitats\/el-cos-un-lloc-on-tornar\/\" \/>\n<meta property=\"og:site_name\" content=\"Cercle de Consci\u00e8ncia\" \/>\n<meta property=\"article:publisher\" content=\"https:\/\/www.facebook.com\/Cercledeconscienciabarcelona?_rdr\" \/>\n<meta property=\"article:modified_time\" content=\"2024-02-20T00:19:15+00:00\" \/>\n<meta property=\"og:image\" content=\"https:\/\/cercledeconsciencia.com\/wp-content\/uploads\/2023\/11\/IMG-RESPIRA-CUERPO.png\" \/>\n\t<meta property=\"og:image:width\" content=\"1000\" \/>\n\t<meta property=\"og:image:height\" content=\"623\" \/>\n\t<meta property=\"og:image:type\" content=\"image\/png\" \/>\n<meta name=\"twitter:card\" content=\"summary_large_image\" \/>\n<meta name=\"twitter:label1\" content=\"Temps estimat de lectura\" \/>\n\t<meta name=\"twitter:data1\" content=\"1 minut\" \/>\n<script type=\"application\/ld+json\" class=\"yoast-schema-graph\">{\"@context\":\"https:\\\/\\\/schema.org\",\"@graph\":[{\"@type\":\"WebPage\",\"@id\":\"https:\\\/\\\/cercledeconsciencia.com\\\/actividades\\\/el-cuerpo-un-lugar-donde-volver\\\/\",\"url\":\"https:\\\/\\\/cercledeconsciencia.com\\\/actividades\\\/el-cuerpo-un-lugar-donde-volver\\\/\",\"name\":\"El cuerpo, un lugar donde volver - Cercle de Consci\u00e8ncia\",\"isPartOf\":{\"@id\":\"https:\\\/\\\/cercledeconsciencia.com\\\/#website\"},\"primaryImageOfPage\":{\"@id\":\"https:\\\/\\\/cercledeconsciencia.com\\\/actividades\\\/el-cuerpo-un-lugar-donde-volver\\\/#primaryimage\"},\"image\":{\"@id\":\"https:\\\/\\\/cercledeconsciencia.com\\\/actividades\\\/el-cuerpo-un-lugar-donde-volver\\\/#primaryimage\"},\"thumbnailUrl\":\"https:\\\/\\\/cercledeconsciencia.com\\\/wp-content\\\/uploads\\\/2023\\\/11\\\/IMG-RESPIRA-CUERPO.png\",\"datePublished\":\"2023-11-28T11:43:00+00:00\",\"dateModified\":\"2024-02-20T00:19:15+00:00\",\"breadcrumb\":{\"@id\":\"https:\\\/\\\/cercledeconsciencia.com\\\/actividades\\\/el-cuerpo-un-lugar-donde-volver\\\/#breadcrumb\"},\"inLanguage\":\"ca\",\"potentialAction\":[{\"@type\":\"ReadAction\",\"target\":[\"https:\\\/\\\/cercledeconsciencia.com\\\/actividades\\\/el-cuerpo-un-lugar-donde-volver\\\/\"]}]},{\"@type\":\"ImageObject\",\"inLanguage\":\"ca\",\"@id\":\"https:\\\/\\\/cercledeconsciencia.com\\\/actividades\\\/el-cuerpo-un-lugar-donde-volver\\\/#primaryimage\",\"url\":\"https:\\\/\\\/cercledeconsciencia.com\\\/wp-content\\\/uploads\\\/2023\\\/11\\\/IMG-RESPIRA-CUERPO.png\",\"contentUrl\":\"https:\\\/\\\/cercledeconsciencia.com\\\/wp-content\\\/uploads\\\/2023\\\/11\\\/IMG-RESPIRA-CUERPO.png\",\"width\":1000,\"height\":623},{\"@type\":\"BreadcrumbList\",\"@id\":\"https:\\\/\\\/cercledeconsciencia.com\\\/actividades\\\/el-cuerpo-un-lugar-donde-volver\\\/#breadcrumb\",\"itemListElement\":[{\"@type\":\"ListItem\",\"position\":1,\"name\":\"Portada\",\"item\":\"https:\\\/\\\/cercledeconsciencia.com\\\/\"},{\"@type\":\"ListItem\",\"position\":2,\"name\":\"Eventos\",\"item\":\"https:\\\/\\\/cercledeconsciencia.com\\\/actividades\\\/\"},{\"@type\":\"ListItem\",\"position\":3,\"name\":\"El cuerpo, un lugar donde volver\"}]},{\"@type\":\"WebSite\",\"@id\":\"https:\\\/\\\/cercledeconsciencia.com\\\/#website\",\"url\":\"https:\\\/\\\/cercledeconsciencia.com\\\/\",\"name\":\"Cercle de Consci\u00e8ncia\",\"description\":\"Centro de Formaci\u00f3n y Terapias\",\"publisher\":{\"@id\":\"https:\\\/\\\/cercledeconsciencia.com\\\/#organization\"},\"potentialAction\":[{\"@type\":\"SearchAction\",\"target\":{\"@type\":\"EntryPoint\",\"urlTemplate\":\"https:\\\/\\\/cercledeconsciencia.com\\\/?s={search_term_string}\"},\"query-input\":{\"@type\":\"PropertyValueSpecification\",\"valueRequired\":true,\"valueName\":\"search_term_string\"}}],\"inLanguage\":\"ca\"},{\"@type\":\"Organization\",\"@id\":\"https:\\\/\\\/cercledeconsciencia.com\\\/#organization\",\"name\":\"Cercle de Consci\u00e8ncia\",\"url\":\"https:\\\/\\\/cercledeconsciencia.com\\\/\",\"logo\":{\"@type\":\"ImageObject\",\"inLanguage\":\"ca\",\"@id\":\"https:\\\/\\\/cercledeconsciencia.com\\\/#\\\/schema\\\/logo\\\/image\\\/\",\"url\":\"https:\\\/\\\/cercledeconsciencia.com\\\/wp-content\\\/uploads\\\/2023\\\/07\\\/logo.png\",\"contentUrl\":\"https:\\\/\\\/cercledeconsciencia.com\\\/wp-content\\\/uploads\\\/2023\\\/07\\\/logo.png\",\"width\":239,\"height\":68,\"caption\":\"Cercle de Consci\u00e8ncia\"},\"image\":{\"@id\":\"https:\\\/\\\/cercledeconsciencia.com\\\/#\\\/schema\\\/logo\\\/image\\\/\"},\"sameAs\":[\"https:\\\/\\\/www.facebook.com\\\/Cercledeconscienciabarcelona?_rdr\",\"https:\\\/\\\/www.instagram.com\\\/cercledeconsciencia\\\/\",\"https:\\\/\\\/www.youtube.com\\\/c\\\/cercledeconsciencia\"]}]}<\/script>\n<!-- \/ Yoast SEO plugin. -->","yoast_head_json":{"title":"El cos, un lloc on tornar - Cercle de Consci\u00e8ncia","robots":{"index":"index","follow":"follow","max-snippet":"max-snippet:-1","max-image-preview":"max-image-preview:large","max-video-preview":"max-video-preview:-1"},"canonical":"https:\/\/cercledeconsciencia.com\/ca\/activitats\/el-cos-un-lloc-on-tornar\/","og_locale":"ca_ES","og_type":"article","og_title":"El cuerpo, un lugar donde volver - Cercle de Consci\u00e8ncia","og_description":"Desde el abordaje corporal afianzamos la capacidad de autosostenernos en la vida. Desde la TCI buscamos recuperar esos recursos que nos llevan a volver a sentir el cuerpo como un [&hellip;]","og_url":"https:\/\/cercledeconsciencia.com\/ca\/activitats\/el-cos-un-lloc-on-tornar\/","og_site_name":"Cercle de Consci\u00e8ncia","article_publisher":"https:\/\/www.facebook.com\/Cercledeconscienciabarcelona?_rdr","article_modified_time":"2024-02-20T00:19:15+00:00","og_image":[{"width":1000,"height":623,"url":"https:\/\/cercledeconsciencia.com\/wp-content\/uploads\/2023\/11\/IMG-RESPIRA-CUERPO.png","type":"image\/png"}],"twitter_card":"summary_large_image","twitter_misc":{"Temps estimat de lectura":"1 minut"},"schema":{"@context":"https:\/\/schema.org","@graph":[{"@type":"WebPage","@id":"https:\/\/cercledeconsciencia.com\/actividades\/el-cuerpo-un-lugar-donde-volver\/","url":"https:\/\/cercledeconsciencia.com\/actividades\/el-cuerpo-un-lugar-donde-volver\/","name":"El cos, un lloc on tornar - Cercle de Consci\u00e8ncia","isPartOf":{"@id":"https:\/\/cercledeconsciencia.com\/#website"},"primaryImageOfPage":{"@id":"https:\/\/cercledeconsciencia.com\/actividades\/el-cuerpo-un-lugar-donde-volver\/#primaryimage"},"image":{"@id":"https:\/\/cercledeconsciencia.com\/actividades\/el-cuerpo-un-lugar-donde-volver\/#primaryimage"},"thumbnailUrl":"https:\/\/cercledeconsciencia.com\/wp-content\/uploads\/2023\/11\/IMG-RESPIRA-CUERPO.png","datePublished":"2023-11-28T11:43:00+00:00","dateModified":"2024-02-20T00:19:15+00:00","breadcrumb":{"@id":"https:\/\/cercledeconsciencia.com\/actividades\/el-cuerpo-un-lugar-donde-volver\/#breadcrumb"},"inLanguage":"ca","potentialAction":[{"@type":"ReadAction","target":["https:\/\/cercledeconsciencia.com\/actividades\/el-cuerpo-un-lugar-donde-volver\/"]}]},{"@type":"ImageObject","inLanguage":"ca","@id":"https:\/\/cercledeconsciencia.com\/actividades\/el-cuerpo-un-lugar-donde-volver\/#primaryimage","url":"https:\/\/cercledeconsciencia.com\/wp-content\/uploads\/2023\/11\/IMG-RESPIRA-CUERPO.png","contentUrl":"https:\/\/cercledeconsciencia.com\/wp-content\/uploads\/2023\/11\/IMG-RESPIRA-CUERPO.png","width":1000,"height":623},{"@type":"BreadcrumbList","@id":"https:\/\/cercledeconsciencia.com\/actividades\/el-cuerpo-un-lugar-donde-volver\/#breadcrumb","itemListElement":[{"@type":"ListItem","position":1,"name":"Portada","item":"https:\/\/cercledeconsciencia.com\/"},{"@type":"ListItem","position":2,"name":"Eventos","item":"https:\/\/cercledeconsciencia.com\/actividades\/"},{"@type":"ListItem","position":3,"name":"El cuerpo, un lugar donde volver"}]},{"@type":"WebSite","@id":"https:\/\/cercledeconsciencia.com\/#website","url":"https:\/\/cercledeconsciencia.com\/","name":"Cercle de Consci\u00e8ncia","description":"Centre de Formaci\u00f3 i Ter\u00e0pies","publisher":{"@id":"https:\/\/cercledeconsciencia.com\/#organization"},"potentialAction":[{"@type":"SearchAction","target":{"@type":"EntryPoint","urlTemplate":"https:\/\/cercledeconsciencia.com\/?s={search_term_string}"},"query-input":{"@type":"PropertyValueSpecification","valueRequired":true,"valueName":"search_term_string"}}],"inLanguage":"ca"},{"@type":"Organization","@id":"https:\/\/cercledeconsciencia.com\/#organization","name":"Cercle de Consci\u00e8ncia","url":"https:\/\/cercledeconsciencia.com\/","logo":{"@type":"ImageObject","inLanguage":"ca","@id":"https:\/\/cercledeconsciencia.com\/#\/schema\/logo\/image\/","url":"https:\/\/cercledeconsciencia.com\/wp-content\/uploads\/2023\/07\/logo.png","contentUrl":"https:\/\/cercledeconsciencia.com\/wp-content\/uploads\/2023\/07\/logo.png","width":239,"height":68,"caption":"Cercle de Consci\u00e8ncia"},"image":{"@id":"https:\/\/cercledeconsciencia.com\/#\/schema\/logo\/image\/"},"sameAs":["https:\/\/www.facebook.com\/Cercledeconscienciabarcelona?_rdr","https:\/\/www.instagram.com\/cercledeconsciencia\/","https:\/\/www.youtube.com\/c\/cercledeconsciencia"]}]}},"_links":{"self":[{"href":"https:\/\/cercledeconsciencia.com\/ca\/wp-json\/wp\/v2\/mec-events\/2281","targetHints":{"allow":["GET"]}}],"collection":[{"href":"https:\/\/cercledeconsciencia.com\/ca\/wp-json\/wp\/v2\/mec-events"}],"about":[{"href":"https:\/\/cercledeconsciencia.com\/ca\/wp-json\/wp\/v2\/types\/mec-events"}],"author":[{"embeddable":true,"href":"https:\/\/cercledeconsciencia.com\/ca\/wp-json\/wp\/v2\/users\/1"}],"replies":[{"embeddable":true,"href":"https:\/\/cercledeconsciencia.com\/ca\/wp-json\/wp\/v2\/comments?post=2281"}],"wp:featuredmedia":[{"embeddable":true,"href":"https:\/\/cercledeconsciencia.com\/ca\/wp-json\/wp\/v2\/media\/2561"}],"wp:attachment":[{"href":"https:\/\/cercledeconsciencia.com\/ca\/wp-json\/wp\/v2\/media?parent=2281"}],"wp:term":[{"taxonomy":"post_tag","embeddable":true,"href":"https:\/\/cercledeconsciencia.com\/ca\/wp-json\/wp\/v2\/tags?post=2281"},{"taxonomy":"mec_category","embeddable":true,"href":"https:\/\/cercledeconsciencia.com\/ca\/wp-json\/wp\/v2\/mec_category?post=2281"},{"taxonomy":"mec_speaker","embeddable":true,"href":"https:\/\/cercledeconsciencia.com\/ca\/wp-json\/wp\/v2\/mec_speaker?post=2281"}],"curies":[{"name":"wp","href":"https:\/\/api.w.org\/{rel}","templated":true}]}}

<p>Des de l&#039;abordatge corporal refermem la capacitat d&#039;autosostenir-nos a la vida. Des de la TCI busquem recuperar aquests recursos que ens porten a tornar a sentir el cos com un lloc de sustentació a la vida. Quan perdem aquesta capacitat, necessitem contínuament el suport de fora. Parlarem de les eines que proporciona la TCI per tornar a sentir el suport en nosaltres mateixos.</p>
<p><b>Imparteixen:</b></p>
<p><strong>Maria Saura</strong>. Directora pedagògica, terapeuta corporal i docent TCI.</p>
<p><strong>Cristina Ribera</strong>. Psicòloga, terapeuta corporal i docent TCI.</p>
<p><strong>Helena Sagristà</strong>. Terapeuta corporal i docent TCI.</p>
<p><strong>Raúl Andreu</strong>. Terapeuta corporal i docent TCI.</p>
<p><strong>Jaume Calafat</strong>. Terapeuta corporal i docent TCI.</p>
<p><strong>Data:</strong> 23 de setembre de 19.30 a 21.00 h.<br />
<strong>Enllaç<span style="font-weight: 400;"> a consultar. <a style="color: #00806a;" href="https://bit.ly/cuerpovolver ">https://bit.ly/cuerpovolver </a></span></span></strong><br />
<strong>Preu:</strong> Gratuït</p>

<!-- This site is optimized with the Yoast SEO plugin v27.4 - https://yoast.com/product/yoast-seo-wordpress/ -->
<title>El cuerpo, un lugar donde volver - Cercle de Consciència</title>
<meta name="robots" content="index, follow, max-snippet:-1, max-image-preview:large, max-video-preview:-1" />
<link rel="canonical" href="https://cercledeconsciencia.com/ca/activitats/el-cos-un-lloc-on-tornar/" />
<meta property="og:locale" content="ca_ES" />
<meta property="og:type" content="article" />
<meta property="og:title" content="El cuerpo, un lugar donde volver - Cercle de Consciència" />
<meta property="og:description" content="Desde el abordaje corporal afianzamos la capacidad de autosostenernos en la vida. Desde la TCI buscamos recuperar esos recursos que nos llevan a volver a sentir el cuerpo como un [&hellip;]" />
<meta property="og:url" content="https://cercledeconsciencia.com/ca/activitats/el-cos-un-lloc-on-tornar/" />
<meta property="og:site_name" content="Cercle de Consciència" />
<meta property="article:publisher" content="https://www.facebook.com/Cercledeconscienciabarcelona?_rdr" />
<meta property="article:modified_time" content="2024-02-20T00:19:15+00:00" />
<meta property="og:image" content="https://cercledeconsciencia.com/wp-content/uploads/2023/11/IMG-RESPIRA-CUERPO.png" />
	<meta property="og:image:width" content="1000" />
	<meta property="og:image:height" content="623" />
	<meta property="og:image:type" content="image/png" />
<meta name="twitter:card" content="summary_large_image" />
<meta name="twitter:label1" content="Temps estimat de lectura" />
	<meta name="twitter:data1" content="1 minut" />
<script type="application/ld+json" class="yoast-schema-graph">{"@context":"https:\/\/schema.org","@graph":[{"@type":"WebPage","@id":"https:\/\/cercledeconsciencia.com\/actividades\/el-cuerpo-un-lugar-donde-volver\/","url":"https:\/\/cercledeconsciencia.com\/actividades\/el-cuerpo-un-lugar-donde-volver\/","name":"El cuerpo, un lugar donde volver - Cercle de Consciència","isPartOf":{"@id":"https:\/\/cercledeconsciencia.com\/#website"},"primaryImageOfPage":{"@id":"https:\/\/cercledeconsciencia.com\/actividades\/el-cuerpo-un-lugar-donde-volver\/#primaryimage"},"image":{"@id":"https:\/\/cercledeconsciencia.com\/actividades\/el-cuerpo-un-lugar-donde-volver\/#primaryimage"},"thumbnailUrl":"https:\/\/cercledeconsciencia.com\/wp-content\/uploads\/2023\/11\/IMG-RESPIRA-CUERPO.png","datePublished":"2023-11-28T11:43:00+00:00","dateModified":"2024-02-20T00:19:15+00:00","breadcrumb":{"@id":"https:\/\/cercledeconsciencia.com\/actividades\/el-cuerpo-un-lugar-donde-volver\/#breadcrumb"},"inLanguage":"ca","potentialAction":[{"@type":"ReadAction","target":["https:\/\/cercledeconsciencia.com\/actividades\/el-cuerpo-un-lugar-donde-volver\/"]}]},{"@type":"ImageObject","inLanguage":"ca","@id":"https:\/\/cercledeconsciencia.com\/actividades\/el-cuerpo-un-lugar-donde-volver\/#primaryimage","url":"https:\/\/cercledeconsciencia.com\/wp-content\/uploads\/2023\/11\/IMG-RESPIRA-CUERPO.png","contentUrl":"https:\/\/cercledeconsciencia.com\/wp-content\/uploads\/2023\/11\/IMG-RESPIRA-CUERPO.png","width":1000,"height":623},{"@type":"BreadcrumbList","@id":"https:\/\/cercledeconsciencia.com\/actividades\/el-cuerpo-un-lugar-donde-volver\/#breadcrumb","itemListElement":[{"@type":"ListItem","position":1,"name":"Portada","item":"https:\/\/cercledeconsciencia.com\/"},{"@type":"ListItem","position":2,"name":"Eventos","item":"https:\/\/cercledeconsciencia.com\/actividades\/"},{"@type":"ListItem","position":3,"name":"El cuerpo, un lugar donde volver"}]},{"@type":"WebSite","@id":"https:\/\/cercledeconsciencia.com\/#website","url":"https:\/\/cercledeconsciencia.com\/","name":"Cercle de Consciència","description":"Centro de Formación y Terapias","publisher":{"@id":"https:\/\/cercledeconsciencia.com\/#organization"},"potentialAction":[{"@type":"SearchAction","target":{"@type":"EntryPoint","urlTemplate":"https:\/\/cercledeconsciencia.com\/?s={search_term_string}"},"query-input":{"@type":"PropertyValueSpecification","valueRequired":true,"valueName":"search_term_string"}}],"inLanguage":"ca"},{"@type":"Organization","@id":"https:\/\/cercledeconsciencia.com\/#organization","name":"Cercle de Consciència","url":"https:\/\/cercledeconsciencia.com\/","logo":{"@type":"ImageObject","inLanguage":"ca","@id":"https:\/\/cercledeconsciencia.com\/#\/schema\/logo\/image\/","url":"https:\/\/cercledeconsciencia.com\/wp-content\/uploads\/2023\/07\/logo.png","contentUrl":"https:\/\/cercledeconsciencia.com\/wp-content\/uploads\/2023\/07\/logo.png","width":239,"height":68,"caption":"Cercle de Consciència"},"image":{"@id":"https:\/\/cercledeconsciencia.com\/#\/schema\/logo\/image\/"},"sameAs":["https:\/\/www.facebook.com\/Cercledeconscienciabarcelona?_rdr","https:\/\/www.instagram.com\/cercledeconsciencia\/","https:\/\/www.youtube.com\/c\/cercledeconsciencia"]}]}</script>
<!-- / Yoast SEO plugin. -->

El cos, un lloc on tornar - Cercle de Consciència

El cuerpo, un lugar donde volver - Cercle de Consciència

Cercle de Consciència

Centre de Formació i Teràpies
