{"id":2720,"date":"2024-01-26T01:24:48","date_gmt":"2024-01-26T01:24:48","guid":{"rendered":"https:\/\/cercledeconsciencia.com\/?post_type=mec-events&#038;p=2720"},"modified":"2024-10-23T10:53:53","modified_gmt":"2024-10-23T10:53:53","slug":"characters-on-stage","status":"publish","type":"mec-events","link":"https:\/\/cercledeconsciencia.com\/en\/actividades\/personajes-a-escena\/","title":{"rendered":"Characters on stage 5th edition (various dates)"},"content":{"rendered":"<p>\ud83d\udcc5 Wednesdays fortnightly from 18:30 to 20:30h (Dates below)<br \/>\nTheatre deals with what happens here and now, it is experiential, it has a direct relationship with emotions. We will inhabit the space learning to observe our own character and inner abilities. We will explore our creativity, giving ourselves permission to BE, to be present with all our characters.<\/p>\n<p>A workshop in which we dive into the adventure of playing, where error is our ally, where we show and find ourselves, complete people, feeling the freedom of spontaneous expression, approaching our essence from the honesty of the present moment and the organic response, creating an enriching experience of group energy.<\/p>\n<p>\ud83d\udde3<b>Taught by: Kika Aguil\u00f3 Moll,<\/b> Integrative Body Therapist, trained in performing arts applied to teaching. SAT Programme of the <b>Dr. Claudio Naranjo<\/b> and training cycles with <b> Alain Vigneau and Catalina Llad\u00f3.<\/b><\/p>\n<p>Cercle de Consci\u00e8ncia Mallorca - C\/ Ciutat de Quer\u00e9taro, 6 2\u00ba 1\u00aa<\/p>\n<p>&nbsp;<\/p>\n<p>\ud83d\udcc5 2024 - Wednesdays fortnightly from 18:30 to 20:30h:<br \/>\nOctober: 2 -16<br \/>\nNovember: 6-20<br \/>\nDecember: 4 -18<\/p>\n<p>\ud83d\udcc5 2025 - Wednesdays fortnightly from 18:30 to 20:30h:<br \/>\nJanuary: 8 - 22<br \/>\nFebruary: 12 - 26<br \/>\nMarch: 12 - 26<br \/>\nApril: 9 - 23<br \/>\nMay: 7 - 21<br \/>\nJune: 4 - 18<\/p>\n<p>\ud83d\udc49 <b>More information and registration:<\/b><br \/>\n645 33 94 14 &#8211; <a style=\"color: #00806a;\" href=\"mailto:somnakika@gmail.com\">somnakika@gmail.com<\/a><br \/>\n<b>Price<\/b>45 per month<br \/>\nPrior registration is essential.<\/p>","protected":false},"excerpt":{"rendered":"<p>\ud83d\udcc5 Mi\u00e9rcoles quincenales de 18:30 a 20:30h (Fechas m\u00e1s abajo) El teatro se ocupa de lo que sucede aqu\u00ed y ahora, es vivencial, tiene una relaci\u00f3n directa con las emociones. [&hellip;]<\/p>\n","protected":false},"author":1,"featured_media":2723,"comment_status":"closed","ping_status":"closed","template":"","tags":[],"mec_category":[69],"mec_speaker":[118],"class_list":["post-2720","mec-events","type-mec-events","status-publish","has-post-thumbnail","hentry","mec_category-teatro"],"yoast_head":"<!-- This site is optimized with the Yoast SEO plugin v27.4 - https:\/\/yoast.com\/product\/yoast-seo-wordpress\/ -->\n<title>Personajes a escena 5\u00aa edici\u00f3n (varias fechas) - Cercle de Consci\u00e8ncia<\/title>\n<meta name=\"robots\" content=\"index, follow, max-snippet:-1, max-image-preview:large, max-video-preview:-1\" \/>\n<link rel=\"canonical\" href=\"https:\/\/cercledeconsciencia.com\/en\/activities\/characters-on-stage\/\" \/>\n<meta property=\"og:locale\" content=\"en_GB\" \/>\n<meta property=\"og:type\" content=\"article\" \/>\n<meta property=\"og:title\" content=\"Personajes a escena 5\u00aa edici\u00f3n (varias fechas) - Cercle de Consci\u00e8ncia\" \/>\n<meta property=\"og:description\" content=\"\ud83d\udcc5 Mi\u00e9rcoles quincenales de 18:30 a 20:30h (Fechas m\u00e1s abajo) El teatro se ocupa de lo que sucede aqu\u00ed y ahora, es vivencial, tiene una relaci\u00f3n directa con las emociones. [&hellip;]\" \/>\n<meta property=\"og:url\" content=\"https:\/\/cercledeconsciencia.com\/en\/activities\/characters-on-stage\/\" \/>\n<meta property=\"og:site_name\" content=\"Cercle de Consci\u00e8ncia\" \/>\n<meta property=\"article:publisher\" content=\"https:\/\/www.facebook.com\/Cercledeconscienciabarcelona?_rdr\" \/>\n<meta property=\"article:modified_time\" content=\"2024-10-23T10:53:53+00:00\" \/>\n<meta property=\"og:image\" content=\"https:\/\/cercledeconsciencia.com\/wp-content\/uploads\/2024\/01\/personajes-escena-1.png\" \/>\n\t<meta property=\"og:image:width\" content=\"1000\" \/>\n\t<meta property=\"og:image:height\" content=\"623\" \/>\n\t<meta property=\"og:image:type\" content=\"image\/png\" \/>\n<meta name=\"twitter:card\" content=\"summary_large_image\" \/>\n<meta name=\"twitter:label1\" content=\"Estimated reading time\" \/>\n\t<meta name=\"twitter:data1\" content=\"2 minutes\" \/>\n<script type=\"application\/ld+json\" class=\"yoast-schema-graph\">{\"@context\":\"https:\\\/\\\/schema.org\",\"@graph\":[{\"@type\":\"WebPage\",\"@id\":\"https:\\\/\\\/cercledeconsciencia.com\\\/actividades\\\/personajes-a-escena\\\/\",\"url\":\"https:\\\/\\\/cercledeconsciencia.com\\\/actividades\\\/personajes-a-escena\\\/\",\"name\":\"Personajes a escena 5\u00aa edici\u00f3n (varias fechas) - Cercle de Consci\u00e8ncia\",\"isPartOf\":{\"@id\":\"https:\\\/\\\/cercledeconsciencia.com\\\/#website\"},\"primaryImageOfPage\":{\"@id\":\"https:\\\/\\\/cercledeconsciencia.com\\\/actividades\\\/personajes-a-escena\\\/#primaryimage\"},\"image\":{\"@id\":\"https:\\\/\\\/cercledeconsciencia.com\\\/actividades\\\/personajes-a-escena\\\/#primaryimage\"},\"thumbnailUrl\":\"https:\\\/\\\/cercledeconsciencia.com\\\/wp-content\\\/uploads\\\/2024\\\/01\\\/personajes-escena-1.png\",\"datePublished\":\"2024-01-26T01:24:48+00:00\",\"dateModified\":\"2024-10-23T10:53:53+00:00\",\"breadcrumb\":{\"@id\":\"https:\\\/\\\/cercledeconsciencia.com\\\/actividades\\\/personajes-a-escena\\\/#breadcrumb\"},\"inLanguage\":\"en-GB\",\"potentialAction\":[{\"@type\":\"ReadAction\",\"target\":[\"https:\\\/\\\/cercledeconsciencia.com\\\/actividades\\\/personajes-a-escena\\\/\"]}]},{\"@type\":\"ImageObject\",\"inLanguage\":\"en-GB\",\"@id\":\"https:\\\/\\\/cercledeconsciencia.com\\\/actividades\\\/personajes-a-escena\\\/#primaryimage\",\"url\":\"https:\\\/\\\/cercledeconsciencia.com\\\/wp-content\\\/uploads\\\/2024\\\/01\\\/personajes-escena-1.png\",\"contentUrl\":\"https:\\\/\\\/cercledeconsciencia.com\\\/wp-content\\\/uploads\\\/2024\\\/01\\\/personajes-escena-1.png\",\"width\":1000,\"height\":623},{\"@type\":\"BreadcrumbList\",\"@id\":\"https:\\\/\\\/cercledeconsciencia.com\\\/actividades\\\/personajes-a-escena\\\/#breadcrumb\",\"itemListElement\":[{\"@type\":\"ListItem\",\"position\":1,\"name\":\"Portada\",\"item\":\"https:\\\/\\\/cercledeconsciencia.com\\\/\"},{\"@type\":\"ListItem\",\"position\":2,\"name\":\"Eventos\",\"item\":\"https:\\\/\\\/cercledeconsciencia.com\\\/actividades\\\/\"},{\"@type\":\"ListItem\",\"position\":3,\"name\":\"Personajes a escena 5\u00aa edici\u00f3n (varias fechas)\"}]},{\"@type\":\"WebSite\",\"@id\":\"https:\\\/\\\/cercledeconsciencia.com\\\/#website\",\"url\":\"https:\\\/\\\/cercledeconsciencia.com\\\/\",\"name\":\"Cercle de Consci\u00e8ncia\",\"description\":\"Centro de Formaci\u00f3n y Terapias\",\"publisher\":{\"@id\":\"https:\\\/\\\/cercledeconsciencia.com\\\/#organization\"},\"potentialAction\":[{\"@type\":\"SearchAction\",\"target\":{\"@type\":\"EntryPoint\",\"urlTemplate\":\"https:\\\/\\\/cercledeconsciencia.com\\\/?s={search_term_string}\"},\"query-input\":{\"@type\":\"PropertyValueSpecification\",\"valueRequired\":true,\"valueName\":\"search_term_string\"}}],\"inLanguage\":\"en-GB\"},{\"@type\":\"Organization\",\"@id\":\"https:\\\/\\\/cercledeconsciencia.com\\\/#organization\",\"name\":\"Cercle de Consci\u00e8ncia\",\"url\":\"https:\\\/\\\/cercledeconsciencia.com\\\/\",\"logo\":{\"@type\":\"ImageObject\",\"inLanguage\":\"en-GB\",\"@id\":\"https:\\\/\\\/cercledeconsciencia.com\\\/#\\\/schema\\\/logo\\\/image\\\/\",\"url\":\"https:\\\/\\\/cercledeconsciencia.com\\\/wp-content\\\/uploads\\\/2023\\\/07\\\/logo.png\",\"contentUrl\":\"https:\\\/\\\/cercledeconsciencia.com\\\/wp-content\\\/uploads\\\/2023\\\/07\\\/logo.png\",\"width\":239,\"height\":68,\"caption\":\"Cercle de Consci\u00e8ncia\"},\"image\":{\"@id\":\"https:\\\/\\\/cercledeconsciencia.com\\\/#\\\/schema\\\/logo\\\/image\\\/\"},\"sameAs\":[\"https:\\\/\\\/www.facebook.com\\\/Cercledeconscienciabarcelona?_rdr\",\"https:\\\/\\\/www.instagram.com\\\/cercledeconsciencia\\\/\",\"https:\\\/\\\/www.youtube.com\\\/c\\\/cercledeconsciencia\"]}]}<\/script>\n<!-- \/ Yoast SEO plugin. -->","yoast_head_json":{"title":"Characters on stage 5th edition (various dates) - Cercle de Consci\u00e8ncia","robots":{"index":"index","follow":"follow","max-snippet":"max-snippet:-1","max-image-preview":"max-image-preview:large","max-video-preview":"max-video-preview:-1"},"canonical":"https:\/\/cercledeconsciencia.com\/en\/activities\/characters-on-stage\/","og_locale":"en_GB","og_type":"article","og_title":"Personajes a escena 5\u00aa edici\u00f3n (varias fechas) - Cercle de Consci\u00e8ncia","og_description":"\ud83d\udcc5 Mi\u00e9rcoles quincenales de 18:30 a 20:30h (Fechas m\u00e1s abajo) El teatro se ocupa de lo que sucede aqu\u00ed y ahora, es vivencial, tiene una relaci\u00f3n directa con las emociones. [&hellip;]","og_url":"https:\/\/cercledeconsciencia.com\/en\/activities\/characters-on-stage\/","og_site_name":"Cercle de Consci\u00e8ncia","article_publisher":"https:\/\/www.facebook.com\/Cercledeconscienciabarcelona?_rdr","article_modified_time":"2024-10-23T10:53:53+00:00","og_image":[{"width":1000,"height":623,"url":"https:\/\/cercledeconsciencia.com\/wp-content\/uploads\/2024\/01\/personajes-escena-1.png","type":"image\/png"}],"twitter_card":"summary_large_image","twitter_misc":{"Estimated reading time":"2 minutes"},"schema":{"@context":"https:\/\/schema.org","@graph":[{"@type":"WebPage","@id":"https:\/\/cercledeconsciencia.com\/actividades\/personajes-a-escena\/","url":"https:\/\/cercledeconsciencia.com\/actividades\/personajes-a-escena\/","name":"Characters on stage 5th edition (various dates) - Cercle de Consci\u00e8ncia","isPartOf":{"@id":"https:\/\/cercledeconsciencia.com\/#website"},"primaryImageOfPage":{"@id":"https:\/\/cercledeconsciencia.com\/actividades\/personajes-a-escena\/#primaryimage"},"image":{"@id":"https:\/\/cercledeconsciencia.com\/actividades\/personajes-a-escena\/#primaryimage"},"thumbnailUrl":"https:\/\/cercledeconsciencia.com\/wp-content\/uploads\/2024\/01\/personajes-escena-1.png","datePublished":"2024-01-26T01:24:48+00:00","dateModified":"2024-10-23T10:53:53+00:00","breadcrumb":{"@id":"https:\/\/cercledeconsciencia.com\/actividades\/personajes-a-escena\/#breadcrumb"},"inLanguage":"en-GB","potentialAction":[{"@type":"ReadAction","target":["https:\/\/cercledeconsciencia.com\/actividades\/personajes-a-escena\/"]}]},{"@type":"ImageObject","inLanguage":"en-GB","@id":"https:\/\/cercledeconsciencia.com\/actividades\/personajes-a-escena\/#primaryimage","url":"https:\/\/cercledeconsciencia.com\/wp-content\/uploads\/2024\/01\/personajes-escena-1.png","contentUrl":"https:\/\/cercledeconsciencia.com\/wp-content\/uploads\/2024\/01\/personajes-escena-1.png","width":1000,"height":623},{"@type":"BreadcrumbList","@id":"https:\/\/cercledeconsciencia.com\/actividades\/personajes-a-escena\/#breadcrumb","itemListElement":[{"@type":"ListItem","position":1,"name":"Portada","item":"https:\/\/cercledeconsciencia.com\/"},{"@type":"ListItem","position":2,"name":"Eventos","item":"https:\/\/cercledeconsciencia.com\/actividades\/"},{"@type":"ListItem","position":3,"name":"Personajes a escena 5\u00aa edici\u00f3n (varias fechas)"}]},{"@type":"WebSite","@id":"https:\/\/cercledeconsciencia.com\/#website","url":"https:\/\/cercledeconsciencia.com\/","name":"Circle of Conscience","description":"Training and Therapy Centre","publisher":{"@id":"https:\/\/cercledeconsciencia.com\/#organization"},"potentialAction":[{"@type":"SearchAction","target":{"@type":"EntryPoint","urlTemplate":"https:\/\/cercledeconsciencia.com\/?s={search_term_string}"},"query-input":{"@type":"PropertyValueSpecification","valueRequired":true,"valueName":"search_term_string"}}],"inLanguage":"en-GB"},{"@type":"Organization","@id":"https:\/\/cercledeconsciencia.com\/#organization","name":"Circle of Conscience","url":"https:\/\/cercledeconsciencia.com\/","logo":{"@type":"ImageObject","inLanguage":"en-GB","@id":"https:\/\/cercledeconsciencia.com\/#\/schema\/logo\/image\/","url":"https:\/\/cercledeconsciencia.com\/wp-content\/uploads\/2023\/07\/logo.png","contentUrl":"https:\/\/cercledeconsciencia.com\/wp-content\/uploads\/2023\/07\/logo.png","width":239,"height":68,"caption":"Cercle de Consci\u00e8ncia"},"image":{"@id":"https:\/\/cercledeconsciencia.com\/#\/schema\/logo\/image\/"},"sameAs":["https:\/\/www.facebook.com\/Cercledeconscienciabarcelona?_rdr","https:\/\/www.instagram.com\/cercledeconsciencia\/","https:\/\/www.youtube.com\/c\/cercledeconsciencia"]}]}},"_links":{"self":[{"href":"https:\/\/cercledeconsciencia.com\/en\/wp-json\/wp\/v2\/mec-events\/2720","targetHints":{"allow":["GET"]}}],"collection":[{"href":"https:\/\/cercledeconsciencia.com\/en\/wp-json\/wp\/v2\/mec-events"}],"about":[{"href":"https:\/\/cercledeconsciencia.com\/en\/wp-json\/wp\/v2\/types\/mec-events"}],"author":[{"embeddable":true,"href":"https:\/\/cercledeconsciencia.com\/en\/wp-json\/wp\/v2\/users\/1"}],"replies":[{"embeddable":true,"href":"https:\/\/cercledeconsciencia.com\/en\/wp-json\/wp\/v2\/comments?post=2720"}],"wp:featuredmedia":[{"embeddable":true,"href":"https:\/\/cercledeconsciencia.com\/en\/wp-json\/wp\/v2\/media\/2723"}],"wp:attachment":[{"href":"https:\/\/cercledeconsciencia.com\/en\/wp-json\/wp\/v2\/media?parent=2720"}],"wp:term":[{"taxonomy":"post_tag","embeddable":true,"href":"https:\/\/cercledeconsciencia.com\/en\/wp-json\/wp\/v2\/tags?post=2720"},{"taxonomy":"mec_category","embeddable":true,"href":"https:\/\/cercledeconsciencia.com\/en\/wp-json\/wp\/v2\/mec_category?post=2720"},{"taxonomy":"mec_speaker","embeddable":true,"href":"https:\/\/cercledeconsciencia.com\/en\/wp-json\/wp\/v2\/mec_speaker?post=2720"}],"curies":[{"name":"wp","href":"https:\/\/api.w.org\/{rel}","templated":true}]}}

<p>📅 Wednesdays fortnightly from 18:30 to 20:30h (Dates below)<br />
Theatre deals with what happens here and now, it is experiential, it has a direct relationship with emotions. We will inhabit the space learning to observe our own character and inner abilities. We will explore our creativity, giving ourselves permission to BE, to be present with all our characters.</p>
<p>A workshop in which we dive into the adventure of playing, where error is our ally, where we show and find ourselves, complete people, feeling the freedom of spontaneous expression, approaching our essence from the honesty of the present moment and the organic response, creating an enriching experience of group energy.</p>
<p>🗣<b>Taught by: Kika Aguiló Moll,</b> Integrative Body Therapist, trained in performing arts applied to teaching. SAT Programme of the <b>Dr. Claudio Naranjo</b> and training cycles with <b> Alain Vigneau and Catalina Lladó.</b></p>
<p>Cercle de Consciència Mallorca - C/ Ciutat de Querétaro, 6 2º 1ª</p>
<p>&nbsp;</p>
<p>📅 2024 - Wednesdays fortnightly from 18:30 to 20:30h:<br />
October: 2 -16<br />
November: 6-20<br />
December: 4 -18</p>
<p>📅 2025 - Wednesdays fortnightly from 18:30 to 20:30h:<br />
January: 8 - 22<br />
February: 12 - 26<br />
March: 12 - 26<br />
April: 9 - 23<br />
May: 7 - 21<br />
June: 4 - 18</p>
<p>👉 <b>More information and registration:</b><br />
645 33 94 14 &#8211; <a style="color: #00806a;" href="mailto:somnakika@gmail.com">somnakika@gmail.com</a><br />
<b>Price</b>45 per month<br />
Prior registration is essential.</p>

<p>📅 Miércoles quincenales de 18:30 a 20:30h (Fechas más abajo) El teatro se ocupa de lo que sucede aquí y ahora, es vivencial, tiene una relación directa con las emociones. [&hellip;]</p>

<!-- This site is optimized with the Yoast SEO plugin v27.4 - https://yoast.com/product/yoast-seo-wordpress/ -->
<title>Personajes a escena 5ª edición (varias fechas) - Cercle de Consciència</title>
<meta name="robots" content="index, follow, max-snippet:-1, max-image-preview:large, max-video-preview:-1" />
<link rel="canonical" href="https://cercledeconsciencia.com/en/activities/characters-on-stage/" />
<meta property="og:locale" content="en_GB" />
<meta property="og:type" content="article" />
<meta property="og:title" content="Personajes a escena 5ª edición (varias fechas) - Cercle de Consciència" />
<meta property="og:description" content="📅 Miércoles quincenales de 18:30 a 20:30h (Fechas más abajo) El teatro se ocupa de lo que sucede aquí y ahora, es vivencial, tiene una relación directa con las emociones. [&hellip;]" />
<meta property="og:url" content="https://cercledeconsciencia.com/en/activities/characters-on-stage/" />
<meta property="og:site_name" content="Cercle de Consciència" />
<meta property="article:publisher" content="https://www.facebook.com/Cercledeconscienciabarcelona?_rdr" />
<meta property="article:modified_time" content="2024-10-23T10:53:53+00:00" />
<meta property="og:image" content="https://cercledeconsciencia.com/wp-content/uploads/2024/01/personajes-escena-1.png" />
	<meta property="og:image:width" content="1000" />
	<meta property="og:image:height" content="623" />
	<meta property="og:image:type" content="image/png" />
<meta name="twitter:card" content="summary_large_image" />
<meta name="twitter:label1" content="Estimated reading time" />
	<meta name="twitter:data1" content="2 minutes" />
<script type="application/ld+json" class="yoast-schema-graph">{"@context":"https:\/\/schema.org","@graph":[{"@type":"WebPage","@id":"https:\/\/cercledeconsciencia.com\/actividades\/personajes-a-escena\/","url":"https:\/\/cercledeconsciencia.com\/actividades\/personajes-a-escena\/","name":"Personajes a escena 5ª edición (varias fechas) - Cercle de Consciència","isPartOf":{"@id":"https:\/\/cercledeconsciencia.com\/#website"},"primaryImageOfPage":{"@id":"https:\/\/cercledeconsciencia.com\/actividades\/personajes-a-escena\/#primaryimage"},"image":{"@id":"https:\/\/cercledeconsciencia.com\/actividades\/personajes-a-escena\/#primaryimage"},"thumbnailUrl":"https:\/\/cercledeconsciencia.com\/wp-content\/uploads\/2024\/01\/personajes-escena-1.png","datePublished":"2024-01-26T01:24:48+00:00","dateModified":"2024-10-23T10:53:53+00:00","breadcrumb":{"@id":"https:\/\/cercledeconsciencia.com\/actividades\/personajes-a-escena\/#breadcrumb"},"inLanguage":"en-GB","potentialAction":[{"@type":"ReadAction","target":["https:\/\/cercledeconsciencia.com\/actividades\/personajes-a-escena\/"]}]},{"@type":"ImageObject","inLanguage":"en-GB","@id":"https:\/\/cercledeconsciencia.com\/actividades\/personajes-a-escena\/#primaryimage","url":"https:\/\/cercledeconsciencia.com\/wp-content\/uploads\/2024\/01\/personajes-escena-1.png","contentUrl":"https:\/\/cercledeconsciencia.com\/wp-content\/uploads\/2024\/01\/personajes-escena-1.png","width":1000,"height":623},{"@type":"BreadcrumbList","@id":"https:\/\/cercledeconsciencia.com\/actividades\/personajes-a-escena\/#breadcrumb","itemListElement":[{"@type":"ListItem","position":1,"name":"Portada","item":"https:\/\/cercledeconsciencia.com\/"},{"@type":"ListItem","position":2,"name":"Eventos","item":"https:\/\/cercledeconsciencia.com\/actividades\/"},{"@type":"ListItem","position":3,"name":"Personajes a escena 5ª edición (varias fechas)"}]},{"@type":"WebSite","@id":"https:\/\/cercledeconsciencia.com\/#website","url":"https:\/\/cercledeconsciencia.com\/","name":"Cercle de Consciència","description":"Centro de Formación y Terapias","publisher":{"@id":"https:\/\/cercledeconsciencia.com\/#organization"},"potentialAction":[{"@type":"SearchAction","target":{"@type":"EntryPoint","urlTemplate":"https:\/\/cercledeconsciencia.com\/?s={search_term_string}"},"query-input":{"@type":"PropertyValueSpecification","valueRequired":true,"valueName":"search_term_string"}}],"inLanguage":"en-GB"},{"@type":"Organization","@id":"https:\/\/cercledeconsciencia.com\/#organization","name":"Cercle de Consciència","url":"https:\/\/cercledeconsciencia.com\/","logo":{"@type":"ImageObject","inLanguage":"en-GB","@id":"https:\/\/cercledeconsciencia.com\/#\/schema\/logo\/image\/","url":"https:\/\/cercledeconsciencia.com\/wp-content\/uploads\/2023\/07\/logo.png","contentUrl":"https:\/\/cercledeconsciencia.com\/wp-content\/uploads\/2023\/07\/logo.png","width":239,"height":68,"caption":"Cercle de Consciència"},"image":{"@id":"https:\/\/cercledeconsciencia.com\/#\/schema\/logo\/image\/"},"sameAs":["https:\/\/www.facebook.com\/Cercledeconscienciabarcelona?_rdr","https:\/\/www.instagram.com\/cercledeconsciencia\/","https:\/\/www.youtube.com\/c\/cercledeconsciencia"]}]}</script>
<!-- / Yoast SEO plugin. -->

Characters on stage 5th edition (various dates) - Cercle de Consciència

Personajes a escena 5ª edición (varias fechas) - Cercle de Consciència

📅 Miércoles quincenales de 18:30 a 20:30h (Fechas más abajo) El teatro se ocupa de lo que sucede aquí y ahora, es vivencial, tiene una relación directa con las emociones. [&hellip;]

Cercle de Consciència

Personajes a escena 5ª edición (varias fechas)
