{"id":4731,"date":"2024-08-05T09:01:26","date_gmt":"2024-08-05T09:01:26","guid":{"rendered":"https:\/\/cercledeconsciencia.com\/?post_type=mec-events&#038;p=4731"},"modified":"2024-08-16T19:26:56","modified_gmt":"2024-08-16T19:26:56","slug":"i-body-and-breathing","status":"publish","type":"mec-events","link":"https:\/\/cercledeconsciencia.com\/en\/actividades\/yo-cuerpo-y-respiracion\/","title":{"rendered":"Self, body and breath"},"content":{"rendered":"<p>Self, body and breath<\/p>\n<p>Unblocking through breathing<br \/>\n<b>TCI Introductory Workshop:<\/b><\/p>\n<p>\ud83d\udde3 <b>Taught by:<\/b> Jasm\u00edn Lago and Carme Ramis<\/p>\n<p>\ud83d\udcc5 <b>Date:<\/b> 14 September 10 a.m. to 1.30 p.m.<br \/>\n\ud83d\udccc <b>Location:<\/b> Om Yoga Health<br \/>\nCamino de la Venerable, 124, 07140 Sencelles,<br \/>\n<b>Price:<\/b> 15 euro<\/p>\n<p>\ud83d\udc49 <b>More information and registration: <b><br \/>\n<a style=\"color: #00806a;\"href=\"mailto:secretaria.pm@cercledeconsciencia.com\">secretaria.pm@cercledeconsciencia.com<\/a><\/span><\/strong><\/span><\/p>","protected":false},"excerpt":{"rendered":"<p>Yo, cuerpo y respiraci\u00f3n Desbloqueando a trav\u00e9s de la respiraci\u00f3n Taller Introductorio TCI: \ud83d\udde3 Imparten: Jasm\u00edn Lago y Carme Ramis \ud83d\udcc5 Fecha: 14 de septiembre 10 a 13:30 horas \ud83d\udccc [&hellip;]<\/p>\n","protected":false},"author":2,"featured_media":4733,"comment_status":"open","ping_status":"closed","template":"","tags":[],"mec_category":[71,70,105],"mec_speaker":[116,148],"class_list":["post-4731","mec-events","type-mec-events","status-publish","has-post-thumbnail","hentry","mec_category-cuerpo","mec_category-respiracion","mec_category-taller-puntual"],"yoast_head":"<!-- This site is optimized with the Yoast SEO plugin v27.4 - https:\/\/yoast.com\/product\/yoast-seo-wordpress\/ -->\n<title>Yo, cuerpo y respiraci\u00f3n - Cercle de Consci\u00e8ncia<\/title>\n<meta name=\"robots\" content=\"index, follow, max-snippet:-1, max-image-preview:large, max-video-preview:-1\" \/>\n<link rel=\"canonical\" href=\"https:\/\/cercledeconsciencia.com\/en\/activities\/i-body-and-breathing\/\" \/>\n<meta property=\"og:locale\" content=\"en_GB\" \/>\n<meta property=\"og:type\" content=\"article\" \/>\n<meta property=\"og:title\" content=\"Yo, cuerpo y respiraci\u00f3n - Cercle de Consci\u00e8ncia\" \/>\n<meta property=\"og:description\" content=\"Yo, cuerpo y respiraci\u00f3n Desbloqueando a trav\u00e9s de la respiraci\u00f3n Taller Introductorio TCI: \ud83d\udde3 Imparten: Jasm\u00edn Lago y Carme Ramis \ud83d\udcc5 Fecha: 14 de septiembre 10 a 13:30 horas \ud83d\udccc [&hellip;]\" \/>\n<meta property=\"og:url\" content=\"https:\/\/cercledeconsciencia.com\/en\/activities\/i-body-and-breathing\/\" \/>\n<meta property=\"og:site_name\" content=\"Cercle de Consci\u00e8ncia\" \/>\n<meta property=\"article:publisher\" content=\"https:\/\/www.facebook.com\/Cercledeconscienciabarcelona?_rdr\" \/>\n<meta property=\"article:modified_time\" content=\"2024-08-16T19:26:56+00:00\" \/>\n<meta property=\"og:image\" content=\"https:\/\/cercledeconsciencia.com\/wp-content\/uploads\/2024\/08\/personas-respiracion-mallorca.jpg\" \/>\n\t<meta property=\"og:image:width\" content=\"1024\" \/>\n\t<meta property=\"og:image:height\" content=\"927\" \/>\n\t<meta property=\"og:image:type\" content=\"image\/jpeg\" \/>\n<meta name=\"twitter:card\" content=\"summary_large_image\" \/>\n<meta name=\"twitter:label1\" content=\"Estimated reading time\" \/>\n\t<meta name=\"twitter:data1\" content=\"1 minute\" \/>\n<script type=\"application\/ld+json\" class=\"yoast-schema-graph\">{\"@context\":\"https:\\\/\\\/schema.org\",\"@graph\":[{\"@type\":\"WebPage\",\"@id\":\"https:\\\/\\\/cercledeconsciencia.com\\\/ca\\\/actividades\\\/yo-cuerpo-y-respiracion\\\/\",\"url\":\"https:\\\/\\\/cercledeconsciencia.com\\\/ca\\\/actividades\\\/yo-cuerpo-y-respiracion\\\/\",\"name\":\"Yo, cuerpo y respiraci\u00f3n - Cercle de Consci\u00e8ncia\",\"isPartOf\":{\"@id\":\"https:\\\/\\\/cercledeconsciencia.com\\\/#website\"},\"primaryImageOfPage\":{\"@id\":\"https:\\\/\\\/cercledeconsciencia.com\\\/ca\\\/actividades\\\/yo-cuerpo-y-respiracion\\\/#primaryimage\"},\"image\":{\"@id\":\"https:\\\/\\\/cercledeconsciencia.com\\\/ca\\\/actividades\\\/yo-cuerpo-y-respiracion\\\/#primaryimage\"},\"thumbnailUrl\":\"https:\\\/\\\/cercledeconsciencia.com\\\/wp-content\\\/uploads\\\/2024\\\/08\\\/personas-respiracion-mallorca.jpg\",\"datePublished\":\"2024-08-05T09:01:26+00:00\",\"dateModified\":\"2024-08-16T19:26:56+00:00\",\"breadcrumb\":{\"@id\":\"https:\\\/\\\/cercledeconsciencia.com\\\/ca\\\/actividades\\\/yo-cuerpo-y-respiracion\\\/#breadcrumb\"},\"inLanguage\":\"en-GB\",\"potentialAction\":[{\"@type\":\"ReadAction\",\"target\":[\"https:\\\/\\\/cercledeconsciencia.com\\\/ca\\\/actividades\\\/yo-cuerpo-y-respiracion\\\/\"]}]},{\"@type\":\"ImageObject\",\"inLanguage\":\"en-GB\",\"@id\":\"https:\\\/\\\/cercledeconsciencia.com\\\/ca\\\/actividades\\\/yo-cuerpo-y-respiracion\\\/#primaryimage\",\"url\":\"https:\\\/\\\/cercledeconsciencia.com\\\/wp-content\\\/uploads\\\/2024\\\/08\\\/personas-respiracion-mallorca.jpg\",\"contentUrl\":\"https:\\\/\\\/cercledeconsciencia.com\\\/wp-content\\\/uploads\\\/2024\\\/08\\\/personas-respiracion-mallorca.jpg\",\"width\":1024,\"height\":927},{\"@type\":\"BreadcrumbList\",\"@id\":\"https:\\\/\\\/cercledeconsciencia.com\\\/ca\\\/actividades\\\/yo-cuerpo-y-respiracion\\\/#breadcrumb\",\"itemListElement\":[{\"@type\":\"ListItem\",\"position\":1,\"name\":\"Portada\",\"item\":\"https:\\\/\\\/cercledeconsciencia.com\\\/\"},{\"@type\":\"ListItem\",\"position\":2,\"name\":\"Eventos\",\"item\":\"https:\\\/\\\/cercledeconsciencia.com\\\/actividades\\\/\"},{\"@type\":\"ListItem\",\"position\":3,\"name\":\"Yo, cuerpo y respiraci\u00f3n\"}]},{\"@type\":\"WebSite\",\"@id\":\"https:\\\/\\\/cercledeconsciencia.com\\\/#website\",\"url\":\"https:\\\/\\\/cercledeconsciencia.com\\\/\",\"name\":\"Cercle de Consci\u00e8ncia\",\"description\":\"Centro de Formaci\u00f3n y Terapias\",\"publisher\":{\"@id\":\"https:\\\/\\\/cercledeconsciencia.com\\\/#organization\"},\"potentialAction\":[{\"@type\":\"SearchAction\",\"target\":{\"@type\":\"EntryPoint\",\"urlTemplate\":\"https:\\\/\\\/cercledeconsciencia.com\\\/?s={search_term_string}\"},\"query-input\":{\"@type\":\"PropertyValueSpecification\",\"valueRequired\":true,\"valueName\":\"search_term_string\"}}],\"inLanguage\":\"en-GB\"},{\"@type\":\"Organization\",\"@id\":\"https:\\\/\\\/cercledeconsciencia.com\\\/#organization\",\"name\":\"Cercle de Consci\u00e8ncia\",\"url\":\"https:\\\/\\\/cercledeconsciencia.com\\\/\",\"logo\":{\"@type\":\"ImageObject\",\"inLanguage\":\"en-GB\",\"@id\":\"https:\\\/\\\/cercledeconsciencia.com\\\/#\\\/schema\\\/logo\\\/image\\\/\",\"url\":\"https:\\\/\\\/cercledeconsciencia.com\\\/wp-content\\\/uploads\\\/2023\\\/07\\\/logo.png\",\"contentUrl\":\"https:\\\/\\\/cercledeconsciencia.com\\\/wp-content\\\/uploads\\\/2023\\\/07\\\/logo.png\",\"width\":239,\"height\":68,\"caption\":\"Cercle de Consci\u00e8ncia\"},\"image\":{\"@id\":\"https:\\\/\\\/cercledeconsciencia.com\\\/#\\\/schema\\\/logo\\\/image\\\/\"},\"sameAs\":[\"https:\\\/\\\/www.facebook.com\\\/Cercledeconscienciabarcelona?_rdr\",\"https:\\\/\\\/www.instagram.com\\\/cercledeconsciencia\\\/\",\"https:\\\/\\\/www.youtube.com\\\/c\\\/cercledeconsciencia\"]}]}<\/script>\n<!-- \/ Yoast SEO plugin. -->","yoast_head_json":{"title":"Self, body and breath - Cercle de Consci\u00e8ncia","robots":{"index":"index","follow":"follow","max-snippet":"max-snippet:-1","max-image-preview":"max-image-preview:large","max-video-preview":"max-video-preview:-1"},"canonical":"https:\/\/cercledeconsciencia.com\/en\/activities\/i-body-and-breathing\/","og_locale":"en_GB","og_type":"article","og_title":"Yo, cuerpo y respiraci\u00f3n - Cercle de Consci\u00e8ncia","og_description":"Yo, cuerpo y respiraci\u00f3n Desbloqueando a trav\u00e9s de la respiraci\u00f3n Taller Introductorio TCI: \ud83d\udde3 Imparten: Jasm\u00edn Lago y Carme Ramis \ud83d\udcc5 Fecha: 14 de septiembre 10 a 13:30 horas \ud83d\udccc [&hellip;]","og_url":"https:\/\/cercledeconsciencia.com\/en\/activities\/i-body-and-breathing\/","og_site_name":"Cercle de Consci\u00e8ncia","article_publisher":"https:\/\/www.facebook.com\/Cercledeconscienciabarcelona?_rdr","article_modified_time":"2024-08-16T19:26:56+00:00","og_image":[{"width":1024,"height":927,"url":"https:\/\/cercledeconsciencia.com\/wp-content\/uploads\/2024\/08\/personas-respiracion-mallorca.jpg","type":"image\/jpeg"}],"twitter_card":"summary_large_image","twitter_misc":{"Estimated reading time":"1 minute"},"schema":{"@context":"https:\/\/schema.org","@graph":[{"@type":"WebPage","@id":"https:\/\/cercledeconsciencia.com\/ca\/actividades\/yo-cuerpo-y-respiracion\/","url":"https:\/\/cercledeconsciencia.com\/ca\/actividades\/yo-cuerpo-y-respiracion\/","name":"Self, body and breath - Cercle de Consci\u00e8ncia","isPartOf":{"@id":"https:\/\/cercledeconsciencia.com\/#website"},"primaryImageOfPage":{"@id":"https:\/\/cercledeconsciencia.com\/ca\/actividades\/yo-cuerpo-y-respiracion\/#primaryimage"},"image":{"@id":"https:\/\/cercledeconsciencia.com\/ca\/actividades\/yo-cuerpo-y-respiracion\/#primaryimage"},"thumbnailUrl":"https:\/\/cercledeconsciencia.com\/wp-content\/uploads\/2024\/08\/personas-respiracion-mallorca.jpg","datePublished":"2024-08-05T09:01:26+00:00","dateModified":"2024-08-16T19:26:56+00:00","breadcrumb":{"@id":"https:\/\/cercledeconsciencia.com\/ca\/actividades\/yo-cuerpo-y-respiracion\/#breadcrumb"},"inLanguage":"en-GB","potentialAction":[{"@type":"ReadAction","target":["https:\/\/cercledeconsciencia.com\/ca\/actividades\/yo-cuerpo-y-respiracion\/"]}]},{"@type":"ImageObject","inLanguage":"en-GB","@id":"https:\/\/cercledeconsciencia.com\/ca\/actividades\/yo-cuerpo-y-respiracion\/#primaryimage","url":"https:\/\/cercledeconsciencia.com\/wp-content\/uploads\/2024\/08\/personas-respiracion-mallorca.jpg","contentUrl":"https:\/\/cercledeconsciencia.com\/wp-content\/uploads\/2024\/08\/personas-respiracion-mallorca.jpg","width":1024,"height":927},{"@type":"BreadcrumbList","@id":"https:\/\/cercledeconsciencia.com\/ca\/actividades\/yo-cuerpo-y-respiracion\/#breadcrumb","itemListElement":[{"@type":"ListItem","position":1,"name":"Portada","item":"https:\/\/cercledeconsciencia.com\/"},{"@type":"ListItem","position":2,"name":"Eventos","item":"https:\/\/cercledeconsciencia.com\/actividades\/"},{"@type":"ListItem","position":3,"name":"Yo, cuerpo y respiraci\u00f3n"}]},{"@type":"WebSite","@id":"https:\/\/cercledeconsciencia.com\/#website","url":"https:\/\/cercledeconsciencia.com\/","name":"Circle of Conscience","description":"Training and Therapy Centre","publisher":{"@id":"https:\/\/cercledeconsciencia.com\/#organization"},"potentialAction":[{"@type":"SearchAction","target":{"@type":"EntryPoint","urlTemplate":"https:\/\/cercledeconsciencia.com\/?s={search_term_string}"},"query-input":{"@type":"PropertyValueSpecification","valueRequired":true,"valueName":"search_term_string"}}],"inLanguage":"en-GB"},{"@type":"Organization","@id":"https:\/\/cercledeconsciencia.com\/#organization","name":"Circle of Conscience","url":"https:\/\/cercledeconsciencia.com\/","logo":{"@type":"ImageObject","inLanguage":"en-GB","@id":"https:\/\/cercledeconsciencia.com\/#\/schema\/logo\/image\/","url":"https:\/\/cercledeconsciencia.com\/wp-content\/uploads\/2023\/07\/logo.png","contentUrl":"https:\/\/cercledeconsciencia.com\/wp-content\/uploads\/2023\/07\/logo.png","width":239,"height":68,"caption":"Cercle de Consci\u00e8ncia"},"image":{"@id":"https:\/\/cercledeconsciencia.com\/#\/schema\/logo\/image\/"},"sameAs":["https:\/\/www.facebook.com\/Cercledeconscienciabarcelona?_rdr","https:\/\/www.instagram.com\/cercledeconsciencia\/","https:\/\/www.youtube.com\/c\/cercledeconsciencia"]}]}},"_links":{"self":[{"href":"https:\/\/cercledeconsciencia.com\/en\/wp-json\/wp\/v2\/mec-events\/4731","targetHints":{"allow":["GET"]}}],"collection":[{"href":"https:\/\/cercledeconsciencia.com\/en\/wp-json\/wp\/v2\/mec-events"}],"about":[{"href":"https:\/\/cercledeconsciencia.com\/en\/wp-json\/wp\/v2\/types\/mec-events"}],"author":[{"embeddable":true,"href":"https:\/\/cercledeconsciencia.com\/en\/wp-json\/wp\/v2\/users\/2"}],"replies":[{"embeddable":true,"href":"https:\/\/cercledeconsciencia.com\/en\/wp-json\/wp\/v2\/comments?post=4731"}],"wp:featuredmedia":[{"embeddable":true,"href":"https:\/\/cercledeconsciencia.com\/en\/wp-json\/wp\/v2\/media\/4733"}],"wp:attachment":[{"href":"https:\/\/cercledeconsciencia.com\/en\/wp-json\/wp\/v2\/media?parent=4731"}],"wp:term":[{"taxonomy":"post_tag","embeddable":true,"href":"https:\/\/cercledeconsciencia.com\/en\/wp-json\/wp\/v2\/tags?post=4731"},{"taxonomy":"mec_category","embeddable":true,"href":"https:\/\/cercledeconsciencia.com\/en\/wp-json\/wp\/v2\/mec_category?post=4731"},{"taxonomy":"mec_speaker","embeddable":true,"href":"https:\/\/cercledeconsciencia.com\/en\/wp-json\/wp\/v2\/mec_speaker?post=4731"}],"curies":[{"name":"wp","href":"https:\/\/api.w.org\/{rel}","templated":true}]}}

<p>Self, body and breath</p>
<p>Unblocking through breathing<br />
<b>TCI Introductory Workshop:</b></p>
<p>🗣 <b>Taught by:</b> Jasmín Lago and Carme Ramis</p>
<p>📅 <b>Date:</b> 14 September 10 a.m. to 1.30 p.m.<br />
📌 <b>Location:</b> Om Yoga Health<br />
Camino de la Venerable, 124, 07140 Sencelles,<br />
<b>Price:</b> 15 euro</p>
<p>👉 <b>More information and registration: <b><br />
<a style="color: #00806a;"href="mailto:secretaria.pm@cercledeconsciencia.com">secretaria.pm@cercledeconsciencia.com</a></span></strong></span></p>

<p>Yo, cuerpo y respiración Desbloqueando a través de la respiración Taller Introductorio TCI: 🗣 Imparten: Jasmín Lago y Carme Ramis 📅 Fecha: 14 de septiembre 10 a 13:30 horas 📌 [&hellip;]</p>

<!-- This site is optimized with the Yoast SEO plugin v27.4 - https://yoast.com/product/yoast-seo-wordpress/ -->
<title>Yo, cuerpo y respiración - Cercle de Consciència</title>
<meta name="robots" content="index, follow, max-snippet:-1, max-image-preview:large, max-video-preview:-1" />
<link rel="canonical" href="https://cercledeconsciencia.com/en/activities/i-body-and-breathing/" />
<meta property="og:locale" content="en_GB" />
<meta property="og:type" content="article" />
<meta property="og:title" content="Yo, cuerpo y respiración - Cercle de Consciència" />
<meta property="og:description" content="Yo, cuerpo y respiración Desbloqueando a través de la respiración Taller Introductorio TCI: 🗣 Imparten: Jasmín Lago y Carme Ramis 📅 Fecha: 14 de septiembre 10 a 13:30 horas 📌 [&hellip;]" />
<meta property="og:url" content="https://cercledeconsciencia.com/en/activities/i-body-and-breathing/" />
<meta property="og:site_name" content="Cercle de Consciència" />
<meta property="article:publisher" content="https://www.facebook.com/Cercledeconscienciabarcelona?_rdr" />
<meta property="article:modified_time" content="2024-08-16T19:26:56+00:00" />
<meta property="og:image" content="https://cercledeconsciencia.com/wp-content/uploads/2024/08/personas-respiracion-mallorca.jpg" />
	<meta property="og:image:width" content="1024" />
	<meta property="og:image:height" content="927" />
	<meta property="og:image:type" content="image/jpeg" />
<meta name="twitter:card" content="summary_large_image" />
<meta name="twitter:label1" content="Estimated reading time" />
	<meta name="twitter:data1" content="1 minute" />
<script type="application/ld+json" class="yoast-schema-graph">{"@context":"https:\/\/schema.org","@graph":[{"@type":"WebPage","@id":"https:\/\/cercledeconsciencia.com\/ca\/actividades\/yo-cuerpo-y-respiracion\/","url":"https:\/\/cercledeconsciencia.com\/ca\/actividades\/yo-cuerpo-y-respiracion\/","name":"Yo, cuerpo y respiración - Cercle de Consciència","isPartOf":{"@id":"https:\/\/cercledeconsciencia.com\/#website"},"primaryImageOfPage":{"@id":"https:\/\/cercledeconsciencia.com\/ca\/actividades\/yo-cuerpo-y-respiracion\/#primaryimage"},"image":{"@id":"https:\/\/cercledeconsciencia.com\/ca\/actividades\/yo-cuerpo-y-respiracion\/#primaryimage"},"thumbnailUrl":"https:\/\/cercledeconsciencia.com\/wp-content\/uploads\/2024\/08\/personas-respiracion-mallorca.jpg","datePublished":"2024-08-05T09:01:26+00:00","dateModified":"2024-08-16T19:26:56+00:00","breadcrumb":{"@id":"https:\/\/cercledeconsciencia.com\/ca\/actividades\/yo-cuerpo-y-respiracion\/#breadcrumb"},"inLanguage":"en-GB","potentialAction":[{"@type":"ReadAction","target":["https:\/\/cercledeconsciencia.com\/ca\/actividades\/yo-cuerpo-y-respiracion\/"]}]},{"@type":"ImageObject","inLanguage":"en-GB","@id":"https:\/\/cercledeconsciencia.com\/ca\/actividades\/yo-cuerpo-y-respiracion\/#primaryimage","url":"https:\/\/cercledeconsciencia.com\/wp-content\/uploads\/2024\/08\/personas-respiracion-mallorca.jpg","contentUrl":"https:\/\/cercledeconsciencia.com\/wp-content\/uploads\/2024\/08\/personas-respiracion-mallorca.jpg","width":1024,"height":927},{"@type":"BreadcrumbList","@id":"https:\/\/cercledeconsciencia.com\/ca\/actividades\/yo-cuerpo-y-respiracion\/#breadcrumb","itemListElement":[{"@type":"ListItem","position":1,"name":"Portada","item":"https:\/\/cercledeconsciencia.com\/"},{"@type":"ListItem","position":2,"name":"Eventos","item":"https:\/\/cercledeconsciencia.com\/actividades\/"},{"@type":"ListItem","position":3,"name":"Yo, cuerpo y respiración"}]},{"@type":"WebSite","@id":"https:\/\/cercledeconsciencia.com\/#website","url":"https:\/\/cercledeconsciencia.com\/","name":"Cercle de Consciència","description":"Centro de Formación y Terapias","publisher":{"@id":"https:\/\/cercledeconsciencia.com\/#organization"},"potentialAction":[{"@type":"SearchAction","target":{"@type":"EntryPoint","urlTemplate":"https:\/\/cercledeconsciencia.com\/?s={search_term_string}"},"query-input":{"@type":"PropertyValueSpecification","valueRequired":true,"valueName":"search_term_string"}}],"inLanguage":"en-GB"},{"@type":"Organization","@id":"https:\/\/cercledeconsciencia.com\/#organization","name":"Cercle de Consciència","url":"https:\/\/cercledeconsciencia.com\/","logo":{"@type":"ImageObject","inLanguage":"en-GB","@id":"https:\/\/cercledeconsciencia.com\/#\/schema\/logo\/image\/","url":"https:\/\/cercledeconsciencia.com\/wp-content\/uploads\/2023\/07\/logo.png","contentUrl":"https:\/\/cercledeconsciencia.com\/wp-content\/uploads\/2023\/07\/logo.png","width":239,"height":68,"caption":"Cercle de Consciència"},"image":{"@id":"https:\/\/cercledeconsciencia.com\/#\/schema\/logo\/image\/"},"sameAs":["https:\/\/www.facebook.com\/Cercledeconscienciabarcelona?_rdr","https:\/\/www.instagram.com\/cercledeconsciencia\/","https:\/\/www.youtube.com\/c\/cercledeconsciencia"]}]}</script>
<!-- / Yoast SEO plugin. -->

Self, body and breath - Cercle de Consciència

Yo, cuerpo y respiración - Cercle de Consciència

Yo, cuerpo y respiración Desbloqueando a través de la respiración Taller Introductorio TCI: 🗣 Imparten: Jasmín Lago y Carme Ramis 📅 Fecha: 14 de septiembre 10 a 13:30 horas 📌 [&hellip;]

Cercle de Consciència

Yo, cuerpo y respiración
