{"id":2964,"date":"2024-02-12T22:49:25","date_gmt":"2024-02-12T22:49:25","guid":{"rendered":"https:\/\/cercledeconsciencia.com\/?post_type=mec-events&#038;p=2964"},"modified":"2024-02-20T00:18:52","modified_gmt":"2024-02-20T00:18:52","slug":"el-cuerpo-camino-de-crecimiento","status":"publish","type":"mec-events","link":"https:\/\/cercledeconsciencia.com\/es\/actividades\/el-cuerpo-camino-de-crecimiento\/","title":{"rendered":"El cuerpo, camino de crecimiento"},"content":{"rendered":"<p><span style=\"font-weight: 400;\"> <b>El cuerpo, camino de crecimiento<\/b><br \/>\n<b>11 de septiembre de 18.30 a 21h<\/b><br \/>\nIntroductorio a la formaci\u00f3n en Terapia Corporal Integrativa Volver al cuerpo es volver al contacto con nosotras\/os mismos. Es recuperar nuestra escucha y poder volver a esa escucha de las sensaciones que tuvimos de ni\u00f1as\/os. Entendemos que el crecimiento se da en la medida que vuelvo al contacto conmigo.<\/span><\/p>\n<p>La terapia TCI pretende potenciar la escucha corporal y facilitar los procesos org\u00e1nicos de autorregulaci\u00f3n que favorecen el equilibrio energ\u00e9tico y revitalizan a la persona, resolviendo las tensiones profundas arraigadas desde la infancia. Mediante las t\u00e9cnicas de desbloqueo corporal, favorecemos la fluidez energ\u00e9tica y el contacto con la vida, aumentando la conciencia de uno mismo y de los v\u00ednculos que se establecen con los dem\u00e1s, as\u00ed como del entorno.<\/p>\n<p><b>Precio: <\/b>15\u20ac<\/p>\n<p><span style=\"font-weight: 400;\"> Imparte:\u00a0<strong>Mar\u00eda Saura y Jaume Calafat<\/strong><\/span><\/p>\n<p><strong>Matr\u00edcula abierta formaci\u00f3n TCI <span style=\"font-weight: 400;\"> octubre 2024<\/span><\/strong><\/p>\n<p><strong>M\u00e1s informaci\u00f3n e inscripciones: <span style=\"font-weight: 400;\"> 938 524 892 &#8211;\u00a0<span style=\"color: #00806a;\"><a style=\"color: #00806a;\" href=\"mailto:coordinacio.tcibcn@espaitci.com\">coordinacio.tcibcn@espaitci.com <\/a><\/span><br \/>\n<\/span><\/strong><br \/>\n<strong>Imprescindible inscripci\u00f3n previa <\/strong><\/p>\n","protected":false},"excerpt":{"rendered":"<p>El cuerpo, camino de crecimiento 11 de septiembre de 18.30 a 21h Introductorio a la formaci\u00f3n en Terapia Corporal Integrativa Volver al cuerpo es volver al contacto con nosotras\/os mismos. [&hellip;]<\/p>\n","protected":false},"author":1,"featured_media":2977,"comment_status":"open","ping_status":"closed","template":"","tags":[],"mec_category":[],"mec_speaker":[103,99],"class_list":["post-2964","mec-events","type-mec-events","status-publish","has-post-thumbnail","hentry"],"yoast_head":"<!-- This site is optimized with the Yoast SEO plugin v27.4 - https:\/\/yoast.com\/product\/yoast-seo-wordpress\/ -->\n<title>El cuerpo, camino de crecimiento - Cercle de Consci\u00e8ncia<\/title>\n<meta name=\"robots\" content=\"index, follow, max-snippet:-1, max-image-preview:large, max-video-preview:-1\" \/>\n<link rel=\"canonical\" href=\"https:\/\/cercledeconsciencia.com\/es\/actividades\/el-cuerpo-camino-de-crecimiento\/\" \/>\n<meta property=\"og:locale\" content=\"es_ES\" \/>\n<meta property=\"og:type\" content=\"article\" \/>\n<meta property=\"og:title\" content=\"El cuerpo, camino de crecimiento - Cercle de Consci\u00e8ncia\" \/>\n<meta property=\"og:description\" content=\"El cuerpo, camino de crecimiento 11 de septiembre de 18.30 a 21h Introductorio a la formaci\u00f3n en Terapia Corporal Integrativa Volver al cuerpo es volver al contacto con nosotras\/os mismos. [&hellip;]\" \/>\n<meta property=\"og:url\" content=\"https:\/\/cercledeconsciencia.com\/es\/actividades\/el-cuerpo-camino-de-crecimiento\/\" \/>\n<meta property=\"og:site_name\" content=\"Cercle de Consci\u00e8ncia\" \/>\n<meta property=\"article:publisher\" content=\"https:\/\/www.facebook.com\/Cercledeconscienciabarcelona?_rdr\" \/>\n<meta property=\"article:modified_time\" content=\"2024-02-20T00:18:52+00:00\" \/>\n<meta property=\"og:image\" content=\"https:\/\/cercledeconsciencia.com\/wp-content\/uploads\/2024\/02\/crecimiento.jpg\" \/>\n\t<meta property=\"og:image:width\" content=\"1000\" \/>\n\t<meta property=\"og:image:height\" content=\"623\" \/>\n\t<meta property=\"og:image:type\" content=\"image\/jpeg\" \/>\n<meta name=\"twitter:card\" content=\"summary_large_image\" \/>\n<meta name=\"twitter:label1\" content=\"Tiempo de lectura\" \/>\n\t<meta name=\"twitter:data1\" content=\"1 minuto\" \/>\n<script type=\"application\/ld+json\" class=\"yoast-schema-graph\">{\"@context\":\"https:\\\/\\\/schema.org\",\"@graph\":[{\"@type\":\"WebPage\",\"@id\":\"https:\\\/\\\/cercledeconsciencia.com\\\/actividades\\\/el-cuerpo-camino-de-crecimiento\\\/\",\"url\":\"https:\\\/\\\/cercledeconsciencia.com\\\/actividades\\\/el-cuerpo-camino-de-crecimiento\\\/\",\"name\":\"El cuerpo, camino de crecimiento - Cercle de Consci\u00e8ncia\",\"isPartOf\":{\"@id\":\"https:\\\/\\\/cercledeconsciencia.com\\\/#website\"},\"primaryImageOfPage\":{\"@id\":\"https:\\\/\\\/cercledeconsciencia.com\\\/actividades\\\/el-cuerpo-camino-de-crecimiento\\\/#primaryimage\"},\"image\":{\"@id\":\"https:\\\/\\\/cercledeconsciencia.com\\\/actividades\\\/el-cuerpo-camino-de-crecimiento\\\/#primaryimage\"},\"thumbnailUrl\":\"https:\\\/\\\/cercledeconsciencia.com\\\/wp-content\\\/uploads\\\/2024\\\/02\\\/crecimiento.jpg\",\"datePublished\":\"2024-02-12T22:49:25+00:00\",\"dateModified\":\"2024-02-20T00:18:52+00:00\",\"breadcrumb\":{\"@id\":\"https:\\\/\\\/cercledeconsciencia.com\\\/actividades\\\/el-cuerpo-camino-de-crecimiento\\\/#breadcrumb\"},\"inLanguage\":\"es\",\"potentialAction\":[{\"@type\":\"ReadAction\",\"target\":[\"https:\\\/\\\/cercledeconsciencia.com\\\/actividades\\\/el-cuerpo-camino-de-crecimiento\\\/\"]}]},{\"@type\":\"ImageObject\",\"inLanguage\":\"es\",\"@id\":\"https:\\\/\\\/cercledeconsciencia.com\\\/actividades\\\/el-cuerpo-camino-de-crecimiento\\\/#primaryimage\",\"url\":\"https:\\\/\\\/cercledeconsciencia.com\\\/wp-content\\\/uploads\\\/2024\\\/02\\\/crecimiento.jpg\",\"contentUrl\":\"https:\\\/\\\/cercledeconsciencia.com\\\/wp-content\\\/uploads\\\/2024\\\/02\\\/crecimiento.jpg\",\"width\":1000,\"height\":623},{\"@type\":\"BreadcrumbList\",\"@id\":\"https:\\\/\\\/cercledeconsciencia.com\\\/actividades\\\/el-cuerpo-camino-de-crecimiento\\\/#breadcrumb\",\"itemListElement\":[{\"@type\":\"ListItem\",\"position\":1,\"name\":\"Portada\",\"item\":\"https:\\\/\\\/cercledeconsciencia.com\\\/\"},{\"@type\":\"ListItem\",\"position\":2,\"name\":\"Eventos\",\"item\":\"https:\\\/\\\/cercledeconsciencia.com\\\/actividades\\\/\"},{\"@type\":\"ListItem\",\"position\":3,\"name\":\"El cuerpo, camino de crecimiento\"}]},{\"@type\":\"WebSite\",\"@id\":\"https:\\\/\\\/cercledeconsciencia.com\\\/#website\",\"url\":\"https:\\\/\\\/cercledeconsciencia.com\\\/\",\"name\":\"Cercle de Consci\u00e8ncia\",\"description\":\"Centro de Formaci\u00f3n y Terapias\",\"publisher\":{\"@id\":\"https:\\\/\\\/cercledeconsciencia.com\\\/#organization\"},\"potentialAction\":[{\"@type\":\"SearchAction\",\"target\":{\"@type\":\"EntryPoint\",\"urlTemplate\":\"https:\\\/\\\/cercledeconsciencia.com\\\/?s={search_term_string}\"},\"query-input\":{\"@type\":\"PropertyValueSpecification\",\"valueRequired\":true,\"valueName\":\"search_term_string\"}}],\"inLanguage\":\"es\"},{\"@type\":\"Organization\",\"@id\":\"https:\\\/\\\/cercledeconsciencia.com\\\/#organization\",\"name\":\"Cercle de Consci\u00e8ncia\",\"url\":\"https:\\\/\\\/cercledeconsciencia.com\\\/\",\"logo\":{\"@type\":\"ImageObject\",\"inLanguage\":\"es\",\"@id\":\"https:\\\/\\\/cercledeconsciencia.com\\\/#\\\/schema\\\/logo\\\/image\\\/\",\"url\":\"https:\\\/\\\/cercledeconsciencia.com\\\/wp-content\\\/uploads\\\/2023\\\/07\\\/logo.png\",\"contentUrl\":\"https:\\\/\\\/cercledeconsciencia.com\\\/wp-content\\\/uploads\\\/2023\\\/07\\\/logo.png\",\"width\":239,\"height\":68,\"caption\":\"Cercle de Consci\u00e8ncia\"},\"image\":{\"@id\":\"https:\\\/\\\/cercledeconsciencia.com\\\/#\\\/schema\\\/logo\\\/image\\\/\"},\"sameAs\":[\"https:\\\/\\\/www.facebook.com\\\/Cercledeconscienciabarcelona?_rdr\",\"https:\\\/\\\/www.instagram.com\\\/cercledeconsciencia\\\/\",\"https:\\\/\\\/www.youtube.com\\\/c\\\/cercledeconsciencia\"]}]}<\/script>\n<!-- \/ Yoast SEO plugin. -->","yoast_head_json":{"title":"El cuerpo, camino de crecimiento - Cercle de Consci\u00e8ncia","robots":{"index":"index","follow":"follow","max-snippet":"max-snippet:-1","max-image-preview":"max-image-preview:large","max-video-preview":"max-video-preview:-1"},"canonical":"https:\/\/cercledeconsciencia.com\/es\/actividades\/el-cuerpo-camino-de-crecimiento\/","og_locale":"es_ES","og_type":"article","og_title":"El cuerpo, camino de crecimiento - Cercle de Consci\u00e8ncia","og_description":"El cuerpo, camino de crecimiento 11 de septiembre de 18.30 a 21h Introductorio a la formaci\u00f3n en Terapia Corporal Integrativa Volver al cuerpo es volver al contacto con nosotras\/os mismos. [&hellip;]","og_url":"https:\/\/cercledeconsciencia.com\/es\/actividades\/el-cuerpo-camino-de-crecimiento\/","og_site_name":"Cercle de Consci\u00e8ncia","article_publisher":"https:\/\/www.facebook.com\/Cercledeconscienciabarcelona?_rdr","article_modified_time":"2024-02-20T00:18:52+00:00","og_image":[{"width":1000,"height":623,"url":"https:\/\/cercledeconsciencia.com\/wp-content\/uploads\/2024\/02\/crecimiento.jpg","type":"image\/jpeg"}],"twitter_card":"summary_large_image","twitter_misc":{"Tiempo de lectura":"1 minuto"},"schema":{"@context":"https:\/\/schema.org","@graph":[{"@type":"WebPage","@id":"https:\/\/cercledeconsciencia.com\/actividades\/el-cuerpo-camino-de-crecimiento\/","url":"https:\/\/cercledeconsciencia.com\/actividades\/el-cuerpo-camino-de-crecimiento\/","name":"El cuerpo, camino de crecimiento - Cercle de Consci\u00e8ncia","isPartOf":{"@id":"https:\/\/cercledeconsciencia.com\/#website"},"primaryImageOfPage":{"@id":"https:\/\/cercledeconsciencia.com\/actividades\/el-cuerpo-camino-de-crecimiento\/#primaryimage"},"image":{"@id":"https:\/\/cercledeconsciencia.com\/actividades\/el-cuerpo-camino-de-crecimiento\/#primaryimage"},"thumbnailUrl":"https:\/\/cercledeconsciencia.com\/wp-content\/uploads\/2024\/02\/crecimiento.jpg","datePublished":"2024-02-12T22:49:25+00:00","dateModified":"2024-02-20T00:18:52+00:00","breadcrumb":{"@id":"https:\/\/cercledeconsciencia.com\/actividades\/el-cuerpo-camino-de-crecimiento\/#breadcrumb"},"inLanguage":"es","potentialAction":[{"@type":"ReadAction","target":["https:\/\/cercledeconsciencia.com\/actividades\/el-cuerpo-camino-de-crecimiento\/"]}]},{"@type":"ImageObject","inLanguage":"es","@id":"https:\/\/cercledeconsciencia.com\/actividades\/el-cuerpo-camino-de-crecimiento\/#primaryimage","url":"https:\/\/cercledeconsciencia.com\/wp-content\/uploads\/2024\/02\/crecimiento.jpg","contentUrl":"https:\/\/cercledeconsciencia.com\/wp-content\/uploads\/2024\/02\/crecimiento.jpg","width":1000,"height":623},{"@type":"BreadcrumbList","@id":"https:\/\/cercledeconsciencia.com\/actividades\/el-cuerpo-camino-de-crecimiento\/#breadcrumb","itemListElement":[{"@type":"ListItem","position":1,"name":"Portada","item":"https:\/\/cercledeconsciencia.com\/"},{"@type":"ListItem","position":2,"name":"Eventos","item":"https:\/\/cercledeconsciencia.com\/actividades\/"},{"@type":"ListItem","position":3,"name":"El cuerpo, camino de crecimiento"}]},{"@type":"WebSite","@id":"https:\/\/cercledeconsciencia.com\/#website","url":"https:\/\/cercledeconsciencia.com\/","name":"Cercle de Consci\u00e8ncia","description":"Centro de Formaci\u00f3n y Terapias","publisher":{"@id":"https:\/\/cercledeconsciencia.com\/#organization"},"potentialAction":[{"@type":"SearchAction","target":{"@type":"EntryPoint","urlTemplate":"https:\/\/cercledeconsciencia.com\/?s={search_term_string}"},"query-input":{"@type":"PropertyValueSpecification","valueRequired":true,"valueName":"search_term_string"}}],"inLanguage":"es"},{"@type":"Organization","@id":"https:\/\/cercledeconsciencia.com\/#organization","name":"Cercle de Consci\u00e8ncia","url":"https:\/\/cercledeconsciencia.com\/","logo":{"@type":"ImageObject","inLanguage":"es","@id":"https:\/\/cercledeconsciencia.com\/#\/schema\/logo\/image\/","url":"https:\/\/cercledeconsciencia.com\/wp-content\/uploads\/2023\/07\/logo.png","contentUrl":"https:\/\/cercledeconsciencia.com\/wp-content\/uploads\/2023\/07\/logo.png","width":239,"height":68,"caption":"Cercle de Consci\u00e8ncia"},"image":{"@id":"https:\/\/cercledeconsciencia.com\/#\/schema\/logo\/image\/"},"sameAs":["https:\/\/www.facebook.com\/Cercledeconscienciabarcelona?_rdr","https:\/\/www.instagram.com\/cercledeconsciencia\/","https:\/\/www.youtube.com\/c\/cercledeconsciencia"]}]}},"_links":{"self":[{"href":"https:\/\/cercledeconsciencia.com\/es\/wp-json\/wp\/v2\/mec-events\/2964","targetHints":{"allow":["GET"]}}],"collection":[{"href":"https:\/\/cercledeconsciencia.com\/es\/wp-json\/wp\/v2\/mec-events"}],"about":[{"href":"https:\/\/cercledeconsciencia.com\/es\/wp-json\/wp\/v2\/types\/mec-events"}],"author":[{"embeddable":true,"href":"https:\/\/cercledeconsciencia.com\/es\/wp-json\/wp\/v2\/users\/1"}],"replies":[{"embeddable":true,"href":"https:\/\/cercledeconsciencia.com\/es\/wp-json\/wp\/v2\/comments?post=2964"}],"wp:featuredmedia":[{"embeddable":true,"href":"https:\/\/cercledeconsciencia.com\/es\/wp-json\/wp\/v2\/media\/2977"}],"wp:attachment":[{"href":"https:\/\/cercledeconsciencia.com\/es\/wp-json\/wp\/v2\/media?parent=2964"}],"wp:term":[{"taxonomy":"post_tag","embeddable":true,"href":"https:\/\/cercledeconsciencia.com\/es\/wp-json\/wp\/v2\/tags?post=2964"},{"taxonomy":"mec_category","embeddable":true,"href":"https:\/\/cercledeconsciencia.com\/es\/wp-json\/wp\/v2\/mec_category?post=2964"},{"taxonomy":"mec_speaker","embeddable":true,"href":"https:\/\/cercledeconsciencia.com\/es\/wp-json\/wp\/v2\/mec_speaker?post=2964"}],"curies":[{"name":"wp","href":"https:\/\/api.w.org\/{rel}","templated":true}]}}

<p><span style="font-weight: 400;"> <b>El cuerpo, camino de crecimiento</b><br />
<b>11 de septiembre de 18.30 a 21h</b><br />
Introductorio a la formación en Terapia Corporal Integrativa Volver al cuerpo es volver al contacto con nosotras/os mismos. Es recuperar nuestra escucha y poder volver a esa escucha de las sensaciones que tuvimos de niñas/os. Entendemos que el crecimiento se da en la medida que vuelvo al contacto conmigo.</span></p>
<p>La terapia TCI pretende potenciar la escucha corporal y facilitar los procesos orgánicos de autorregulación que favorecen el equilibrio energético y revitalizan a la persona, resolviendo las tensiones profundas arraigadas desde la infancia. Mediante las técnicas de desbloqueo corporal, favorecemos la fluidez energética y el contacto con la vida, aumentando la conciencia de uno mismo y de los vínculos que se establecen con los demás, así como del entorno.</p>
<p><b>Precio: </b>15€</p>
<p><span style="font-weight: 400;"> Imparte: <strong>María Saura y Jaume Calafat</strong></span></p>
<p><strong>Matrícula abierta formación TCI <span style="font-weight: 400;"> octubre 2024</span></strong></p>
<p><strong>Más información e inscripciones: <span style="font-weight: 400;"> 938 524 892 &#8211; <span style="color: #00806a;"><a style="color: #00806a;" href="mailto:coordinacio.tcibcn@espaitci.com">coordinacio.tcibcn@espaitci.com </a></span><br />
</span></strong><br />
<strong>Imprescindible inscripción previa </strong></p>

<p>El cuerpo, camino de crecimiento 11 de septiembre de 18.30 a 21h Introductorio a la formación en Terapia Corporal Integrativa Volver al cuerpo es volver al contacto con nosotras/os mismos. [&hellip;]</p>

<!-- This site is optimized with the Yoast SEO plugin v27.4 - https://yoast.com/product/yoast-seo-wordpress/ -->
<title>El cuerpo, camino de crecimiento - Cercle de Consciència</title>
<meta name="robots" content="index, follow, max-snippet:-1, max-image-preview:large, max-video-preview:-1" />
<link rel="canonical" href="https://cercledeconsciencia.com/es/actividades/el-cuerpo-camino-de-crecimiento/" />
<meta property="og:locale" content="es_ES" />
<meta property="og:type" content="article" />
<meta property="og:title" content="El cuerpo, camino de crecimiento - Cercle de Consciència" />
<meta property="og:description" content="El cuerpo, camino de crecimiento 11 de septiembre de 18.30 a 21h Introductorio a la formación en Terapia Corporal Integrativa Volver al cuerpo es volver al contacto con nosotras/os mismos. [&hellip;]" />
<meta property="og:url" content="https://cercledeconsciencia.com/es/actividades/el-cuerpo-camino-de-crecimiento/" />
<meta property="og:site_name" content="Cercle de Consciència" />
<meta property="article:publisher" content="https://www.facebook.com/Cercledeconscienciabarcelona?_rdr" />
<meta property="article:modified_time" content="2024-02-20T00:18:52+00:00" />
<meta property="og:image" content="https://cercledeconsciencia.com/wp-content/uploads/2024/02/crecimiento.jpg" />
	<meta property="og:image:width" content="1000" />
	<meta property="og:image:height" content="623" />
	<meta property="og:image:type" content="image/jpeg" />
<meta name="twitter:card" content="summary_large_image" />
<meta name="twitter:label1" content="Tiempo de lectura" />
	<meta name="twitter:data1" content="1 minuto" />
<script type="application/ld+json" class="yoast-schema-graph">{"@context":"https:\/\/schema.org","@graph":[{"@type":"WebPage","@id":"https:\/\/cercledeconsciencia.com\/actividades\/el-cuerpo-camino-de-crecimiento\/","url":"https:\/\/cercledeconsciencia.com\/actividades\/el-cuerpo-camino-de-crecimiento\/","name":"El cuerpo, camino de crecimiento - Cercle de Consciència","isPartOf":{"@id":"https:\/\/cercledeconsciencia.com\/#website"},"primaryImageOfPage":{"@id":"https:\/\/cercledeconsciencia.com\/actividades\/el-cuerpo-camino-de-crecimiento\/#primaryimage"},"image":{"@id":"https:\/\/cercledeconsciencia.com\/actividades\/el-cuerpo-camino-de-crecimiento\/#primaryimage"},"thumbnailUrl":"https:\/\/cercledeconsciencia.com\/wp-content\/uploads\/2024\/02\/crecimiento.jpg","datePublished":"2024-02-12T22:49:25+00:00","dateModified":"2024-02-20T00:18:52+00:00","breadcrumb":{"@id":"https:\/\/cercledeconsciencia.com\/actividades\/el-cuerpo-camino-de-crecimiento\/#breadcrumb"},"inLanguage":"es","potentialAction":[{"@type":"ReadAction","target":["https:\/\/cercledeconsciencia.com\/actividades\/el-cuerpo-camino-de-crecimiento\/"]}]},{"@type":"ImageObject","inLanguage":"es","@id":"https:\/\/cercledeconsciencia.com\/actividades\/el-cuerpo-camino-de-crecimiento\/#primaryimage","url":"https:\/\/cercledeconsciencia.com\/wp-content\/uploads\/2024\/02\/crecimiento.jpg","contentUrl":"https:\/\/cercledeconsciencia.com\/wp-content\/uploads\/2024\/02\/crecimiento.jpg","width":1000,"height":623},{"@type":"BreadcrumbList","@id":"https:\/\/cercledeconsciencia.com\/actividades\/el-cuerpo-camino-de-crecimiento\/#breadcrumb","itemListElement":[{"@type":"ListItem","position":1,"name":"Portada","item":"https:\/\/cercledeconsciencia.com\/"},{"@type":"ListItem","position":2,"name":"Eventos","item":"https:\/\/cercledeconsciencia.com\/actividades\/"},{"@type":"ListItem","position":3,"name":"El cuerpo, camino de crecimiento"}]},{"@type":"WebSite","@id":"https:\/\/cercledeconsciencia.com\/#website","url":"https:\/\/cercledeconsciencia.com\/","name":"Cercle de Consciència","description":"Centro de Formación y Terapias","publisher":{"@id":"https:\/\/cercledeconsciencia.com\/#organization"},"potentialAction":[{"@type":"SearchAction","target":{"@type":"EntryPoint","urlTemplate":"https:\/\/cercledeconsciencia.com\/?s={search_term_string}"},"query-input":{"@type":"PropertyValueSpecification","valueRequired":true,"valueName":"search_term_string"}}],"inLanguage":"es"},{"@type":"Organization","@id":"https:\/\/cercledeconsciencia.com\/#organization","name":"Cercle de Consciència","url":"https:\/\/cercledeconsciencia.com\/","logo":{"@type":"ImageObject","inLanguage":"es","@id":"https:\/\/cercledeconsciencia.com\/#\/schema\/logo\/image\/","url":"https:\/\/cercledeconsciencia.com\/wp-content\/uploads\/2023\/07\/logo.png","contentUrl":"https:\/\/cercledeconsciencia.com\/wp-content\/uploads\/2023\/07\/logo.png","width":239,"height":68,"caption":"Cercle de Consciència"},"image":{"@id":"https:\/\/cercledeconsciencia.com\/#\/schema\/logo\/image\/"},"sameAs":["https:\/\/www.facebook.com\/Cercledeconscienciabarcelona?_rdr","https:\/\/www.instagram.com\/cercledeconsciencia\/","https:\/\/www.youtube.com\/c\/cercledeconsciencia"]}]}</script>
<!-- / Yoast SEO plugin. -->

El cuerpo, camino de crecimiento - Cercle de Consciència

El cuerpo, camino de crecimiento 11 de septiembre de 18.30 a 21h Introductorio a la formación en Terapia Corporal Integrativa Volver al cuerpo es volver al contacto con nosotras/os mismos. [&hellip;]

Cercle de Consciència

Centro de Formación y Terapias
