{"id":3272,"date":"2024-02-19T23:56:04","date_gmt":"2024-02-19T23:56:04","guid":{"rendered":"https:\/\/cercledeconsciencia.com\/?post_type=mec-events&#038;p=3272"},"modified":"2024-03-05T01:30:27","modified_gmt":"2024-03-05T01:30:27","slug":"grupo-de-trabajo-personal","status":"publish","type":"mec-events","link":"https:\/\/cercledeconsciencia.com\/es\/actividades\/grupo-de-trabajo-personal\/","title":{"rendered":"Grupo de trabajo personal"},"content":{"rendered":"<p>Dos encuentros mensuales de 19:00 a 21:00h (Entre octubre de 2023 a mayo de 2024).<br \/>\nRelacionarse es comunicarse, desde la palabra, el gesto, el silencio o cualquier otra forma de expresi\u00f3n&#8230; Relacionarme es abrirme al espacio del otro y abrirle el m\u00edo, y en ese espacio se mueven sentimientos y sensaciones de todo tipo.<br \/>\nSi quieres indagar en estos espacios tus formas de relacionarte, en el Grupo de Trabajo Personal lo haremos&#8230;<\/p>\n<p>\u201dYo soy yo, T\u00fa eres t\u00fa&#8230;\u201d<br \/>\nAs\u00ed comienza la famosa \u2018oraci\u00f3n gest\u00e1ltica\u2019 de Fritz Perls.<br \/>\nEsa afirmaci\u00f3n de la individuaci\u00f3n era muy necesaria en el contexto de una sociedad \u201cnormalizadora\u201d. Es el paso para contestar: \u00bfQui\u00e9n soy?<br \/>\nY cuando al yo y al t\u00fa le agregamos el nosotros, vosotros y ellos, hace su aparici\u00f3n el grupo, la sociedad.<br \/>\nEntonces, surge: \u00bfQui\u00e9n soy, en el grupo? Que a\u00f1ade un factor m\u00e1s a la inc\u00f3gnita.<\/p>\n<p><b>Imparte: Diego Bartholomew.<\/b>Terapeuta Gestalt y Corporal Integrativo. Miembro del Equipo docente de Espai TCI. Miembro adherente de la AETG.<\/p>\n<p><b>Lugar: Salas Sant Josep<\/b><br \/>\n<b>M\u00e1s informaci\u00f3n e inscripciones<\/b><br \/>\n<strong>Precios:<span style=\"font-weight: 400;\"> 75\u20ac\/mes <a style=\"color: #00806a;\" href=\"mailto:diego.bs58@gmail.com\">diego.bs58@gmail.com<\/a><\/span><\/strong> 622 901 858<\/p>\n","protected":false},"excerpt":{"rendered":"<p>Dos encuentros mensuales de 19:00 a 21:00h (Entre octubre de 2023 a mayo de 2024). Relacionarse es comunicarse, desde la palabra, el gesto, el silencio o cualquier otra forma de [&hellip;]<\/p>\n","protected":false},"author":1,"featured_media":3273,"comment_status":"closed","ping_status":"closed","template":"","tags":[],"mec_category":[53],"mec_speaker":[119],"class_list":["post-3272","mec-events","type-mec-events","status-publish","has-post-thumbnail","hentry","mec_category-grupo-de-supervision"],"yoast_head":"<!-- This site is optimized with the Yoast SEO plugin v27.4 - https:\/\/yoast.com\/product\/yoast-seo-wordpress\/ -->\n<title>Grupo de trabajo personal - Cercle de Consci\u00e8ncia<\/title>\n<meta name=\"robots\" content=\"index, follow, max-snippet:-1, max-image-preview:large, max-video-preview:-1\" \/>\n<link rel=\"canonical\" href=\"https:\/\/cercledeconsciencia.com\/es\/actividades\/grupo-de-trabajo-personal\/\" \/>\n<meta property=\"og:locale\" content=\"es_ES\" \/>\n<meta property=\"og:type\" content=\"article\" \/>\n<meta property=\"og:title\" content=\"Grupo de trabajo personal - Cercle de Consci\u00e8ncia\" \/>\n<meta property=\"og:description\" content=\"Dos encuentros mensuales de 19:00 a 21:00h (Entre octubre de 2023 a mayo de 2024). Relacionarse es comunicarse, desde la palabra, el gesto, el silencio o cualquier otra forma de [&hellip;]\" \/>\n<meta property=\"og:url\" content=\"https:\/\/cercledeconsciencia.com\/es\/actividades\/grupo-de-trabajo-personal\/\" \/>\n<meta property=\"og:site_name\" content=\"Cercle de Consci\u00e8ncia\" \/>\n<meta property=\"article:publisher\" content=\"https:\/\/www.facebook.com\/Cercledeconscienciabarcelona?_rdr\" \/>\n<meta property=\"article:modified_time\" content=\"2024-03-05T01:30:27+00:00\" \/>\n<meta property=\"og:image\" content=\"https:\/\/cercledeconsciencia.com\/wp-content\/uploads\/2024\/02\/Gripo01.jpg\" \/>\n\t<meta property=\"og:image:width\" content=\"1156\" \/>\n\t<meta property=\"og:image:height\" content=\"591\" \/>\n\t<meta property=\"og:image:type\" content=\"image\/jpeg\" \/>\n<meta name=\"twitter:card\" content=\"summary_large_image\" \/>\n<meta name=\"twitter:label1\" content=\"Tiempo de lectura\" \/>\n\t<meta name=\"twitter:data1\" content=\"2 minutos\" \/>\n<script type=\"application\/ld+json\" class=\"yoast-schema-graph\">{\"@context\":\"https:\\\/\\\/schema.org\",\"@graph\":[{\"@type\":\"WebPage\",\"@id\":\"https:\\\/\\\/cercledeconsciencia.com\\\/actividades\\\/grupo-de-trabajo-personal\\\/\",\"url\":\"https:\\\/\\\/cercledeconsciencia.com\\\/actividades\\\/grupo-de-trabajo-personal\\\/\",\"name\":\"Grupo de trabajo personal - Cercle de Consci\u00e8ncia\",\"isPartOf\":{\"@id\":\"https:\\\/\\\/cercledeconsciencia.com\\\/#website\"},\"primaryImageOfPage\":{\"@id\":\"https:\\\/\\\/cercledeconsciencia.com\\\/actividades\\\/grupo-de-trabajo-personal\\\/#primaryimage\"},\"image\":{\"@id\":\"https:\\\/\\\/cercledeconsciencia.com\\\/actividades\\\/grupo-de-trabajo-personal\\\/#primaryimage\"},\"thumbnailUrl\":\"https:\\\/\\\/cercledeconsciencia.com\\\/wp-content\\\/uploads\\\/2024\\\/02\\\/Gripo01.jpg\",\"datePublished\":\"2024-02-19T23:56:04+00:00\",\"dateModified\":\"2024-03-05T01:30:27+00:00\",\"breadcrumb\":{\"@id\":\"https:\\\/\\\/cercledeconsciencia.com\\\/actividades\\\/grupo-de-trabajo-personal\\\/#breadcrumb\"},\"inLanguage\":\"es\",\"potentialAction\":[{\"@type\":\"ReadAction\",\"target\":[\"https:\\\/\\\/cercledeconsciencia.com\\\/actividades\\\/grupo-de-trabajo-personal\\\/\"]}]},{\"@type\":\"ImageObject\",\"inLanguage\":\"es\",\"@id\":\"https:\\\/\\\/cercledeconsciencia.com\\\/actividades\\\/grupo-de-trabajo-personal\\\/#primaryimage\",\"url\":\"https:\\\/\\\/cercledeconsciencia.com\\\/wp-content\\\/uploads\\\/2024\\\/02\\\/Gripo01.jpg\",\"contentUrl\":\"https:\\\/\\\/cercledeconsciencia.com\\\/wp-content\\\/uploads\\\/2024\\\/02\\\/Gripo01.jpg\",\"width\":1156,\"height\":591},{\"@type\":\"BreadcrumbList\",\"@id\":\"https:\\\/\\\/cercledeconsciencia.com\\\/actividades\\\/grupo-de-trabajo-personal\\\/#breadcrumb\",\"itemListElement\":[{\"@type\":\"ListItem\",\"position\":1,\"name\":\"Portada\",\"item\":\"https:\\\/\\\/cercledeconsciencia.com\\\/\"},{\"@type\":\"ListItem\",\"position\":2,\"name\":\"Eventos\",\"item\":\"https:\\\/\\\/cercledeconsciencia.com\\\/actividades\\\/\"},{\"@type\":\"ListItem\",\"position\":3,\"name\":\"Grupo de trabajo personal\"}]},{\"@type\":\"WebSite\",\"@id\":\"https:\\\/\\\/cercledeconsciencia.com\\\/#website\",\"url\":\"https:\\\/\\\/cercledeconsciencia.com\\\/\",\"name\":\"Cercle de Consci\u00e8ncia\",\"description\":\"Centro de Formaci\u00f3n y Terapias\",\"publisher\":{\"@id\":\"https:\\\/\\\/cercledeconsciencia.com\\\/#organization\"},\"potentialAction\":[{\"@type\":\"SearchAction\",\"target\":{\"@type\":\"EntryPoint\",\"urlTemplate\":\"https:\\\/\\\/cercledeconsciencia.com\\\/?s={search_term_string}\"},\"query-input\":{\"@type\":\"PropertyValueSpecification\",\"valueRequired\":true,\"valueName\":\"search_term_string\"}}],\"inLanguage\":\"es\"},{\"@type\":\"Organization\",\"@id\":\"https:\\\/\\\/cercledeconsciencia.com\\\/#organization\",\"name\":\"Cercle de Consci\u00e8ncia\",\"url\":\"https:\\\/\\\/cercledeconsciencia.com\\\/\",\"logo\":{\"@type\":\"ImageObject\",\"inLanguage\":\"es\",\"@id\":\"https:\\\/\\\/cercledeconsciencia.com\\\/#\\\/schema\\\/logo\\\/image\\\/\",\"url\":\"https:\\\/\\\/cercledeconsciencia.com\\\/wp-content\\\/uploads\\\/2023\\\/07\\\/logo.png\",\"contentUrl\":\"https:\\\/\\\/cercledeconsciencia.com\\\/wp-content\\\/uploads\\\/2023\\\/07\\\/logo.png\",\"width\":239,\"height\":68,\"caption\":\"Cercle de Consci\u00e8ncia\"},\"image\":{\"@id\":\"https:\\\/\\\/cercledeconsciencia.com\\\/#\\\/schema\\\/logo\\\/image\\\/\"},\"sameAs\":[\"https:\\\/\\\/www.facebook.com\\\/Cercledeconscienciabarcelona?_rdr\",\"https:\\\/\\\/www.instagram.com\\\/cercledeconsciencia\\\/\",\"https:\\\/\\\/www.youtube.com\\\/c\\\/cercledeconsciencia\"]}]}<\/script>\n<!-- \/ Yoast SEO plugin. -->","yoast_head_json":{"title":"Grupo de trabajo personal - Cercle de Consci\u00e8ncia","robots":{"index":"index","follow":"follow","max-snippet":"max-snippet:-1","max-image-preview":"max-image-preview:large","max-video-preview":"max-video-preview:-1"},"canonical":"https:\/\/cercledeconsciencia.com\/es\/actividades\/grupo-de-trabajo-personal\/","og_locale":"es_ES","og_type":"article","og_title":"Grupo de trabajo personal - Cercle de Consci\u00e8ncia","og_description":"Dos encuentros mensuales de 19:00 a 21:00h (Entre octubre de 2023 a mayo de 2024). Relacionarse es comunicarse, desde la palabra, el gesto, el silencio o cualquier otra forma de [&hellip;]","og_url":"https:\/\/cercledeconsciencia.com\/es\/actividades\/grupo-de-trabajo-personal\/","og_site_name":"Cercle de Consci\u00e8ncia","article_publisher":"https:\/\/www.facebook.com\/Cercledeconscienciabarcelona?_rdr","article_modified_time":"2024-03-05T01:30:27+00:00","og_image":[{"width":1156,"height":591,"url":"https:\/\/cercledeconsciencia.com\/wp-content\/uploads\/2024\/02\/Gripo01.jpg","type":"image\/jpeg"}],"twitter_card":"summary_large_image","twitter_misc":{"Tiempo de lectura":"2 minutos"},"schema":{"@context":"https:\/\/schema.org","@graph":[{"@type":"WebPage","@id":"https:\/\/cercledeconsciencia.com\/actividades\/grupo-de-trabajo-personal\/","url":"https:\/\/cercledeconsciencia.com\/actividades\/grupo-de-trabajo-personal\/","name":"Grupo de trabajo personal - Cercle de Consci\u00e8ncia","isPartOf":{"@id":"https:\/\/cercledeconsciencia.com\/#website"},"primaryImageOfPage":{"@id":"https:\/\/cercledeconsciencia.com\/actividades\/grupo-de-trabajo-personal\/#primaryimage"},"image":{"@id":"https:\/\/cercledeconsciencia.com\/actividades\/grupo-de-trabajo-personal\/#primaryimage"},"thumbnailUrl":"https:\/\/cercledeconsciencia.com\/wp-content\/uploads\/2024\/02\/Gripo01.jpg","datePublished":"2024-02-19T23:56:04+00:00","dateModified":"2024-03-05T01:30:27+00:00","breadcrumb":{"@id":"https:\/\/cercledeconsciencia.com\/actividades\/grupo-de-trabajo-personal\/#breadcrumb"},"inLanguage":"es","potentialAction":[{"@type":"ReadAction","target":["https:\/\/cercledeconsciencia.com\/actividades\/grupo-de-trabajo-personal\/"]}]},{"@type":"ImageObject","inLanguage":"es","@id":"https:\/\/cercledeconsciencia.com\/actividades\/grupo-de-trabajo-personal\/#primaryimage","url":"https:\/\/cercledeconsciencia.com\/wp-content\/uploads\/2024\/02\/Gripo01.jpg","contentUrl":"https:\/\/cercledeconsciencia.com\/wp-content\/uploads\/2024\/02\/Gripo01.jpg","width":1156,"height":591},{"@type":"BreadcrumbList","@id":"https:\/\/cercledeconsciencia.com\/actividades\/grupo-de-trabajo-personal\/#breadcrumb","itemListElement":[{"@type":"ListItem","position":1,"name":"Portada","item":"https:\/\/cercledeconsciencia.com\/"},{"@type":"ListItem","position":2,"name":"Eventos","item":"https:\/\/cercledeconsciencia.com\/actividades\/"},{"@type":"ListItem","position":3,"name":"Grupo de trabajo personal"}]},{"@type":"WebSite","@id":"https:\/\/cercledeconsciencia.com\/#website","url":"https:\/\/cercledeconsciencia.com\/","name":"Cercle de Consci\u00e8ncia","description":"Centro de Formaci\u00f3n y Terapias","publisher":{"@id":"https:\/\/cercledeconsciencia.com\/#organization"},"potentialAction":[{"@type":"SearchAction","target":{"@type":"EntryPoint","urlTemplate":"https:\/\/cercledeconsciencia.com\/?s={search_term_string}"},"query-input":{"@type":"PropertyValueSpecification","valueRequired":true,"valueName":"search_term_string"}}],"inLanguage":"es"},{"@type":"Organization","@id":"https:\/\/cercledeconsciencia.com\/#organization","name":"Cercle de Consci\u00e8ncia","url":"https:\/\/cercledeconsciencia.com\/","logo":{"@type":"ImageObject","inLanguage":"es","@id":"https:\/\/cercledeconsciencia.com\/#\/schema\/logo\/image\/","url":"https:\/\/cercledeconsciencia.com\/wp-content\/uploads\/2023\/07\/logo.png","contentUrl":"https:\/\/cercledeconsciencia.com\/wp-content\/uploads\/2023\/07\/logo.png","width":239,"height":68,"caption":"Cercle de Consci\u00e8ncia"},"image":{"@id":"https:\/\/cercledeconsciencia.com\/#\/schema\/logo\/image\/"},"sameAs":["https:\/\/www.facebook.com\/Cercledeconscienciabarcelona?_rdr","https:\/\/www.instagram.com\/cercledeconsciencia\/","https:\/\/www.youtube.com\/c\/cercledeconsciencia"]}]}},"_links":{"self":[{"href":"https:\/\/cercledeconsciencia.com\/es\/wp-json\/wp\/v2\/mec-events\/3272","targetHints":{"allow":["GET"]}}],"collection":[{"href":"https:\/\/cercledeconsciencia.com\/es\/wp-json\/wp\/v2\/mec-events"}],"about":[{"href":"https:\/\/cercledeconsciencia.com\/es\/wp-json\/wp\/v2\/types\/mec-events"}],"author":[{"embeddable":true,"href":"https:\/\/cercledeconsciencia.com\/es\/wp-json\/wp\/v2\/users\/1"}],"replies":[{"embeddable":true,"href":"https:\/\/cercledeconsciencia.com\/es\/wp-json\/wp\/v2\/comments?post=3272"}],"wp:featuredmedia":[{"embeddable":true,"href":"https:\/\/cercledeconsciencia.com\/es\/wp-json\/wp\/v2\/media\/3273"}],"wp:attachment":[{"href":"https:\/\/cercledeconsciencia.com\/es\/wp-json\/wp\/v2\/media?parent=3272"}],"wp:term":[{"taxonomy":"post_tag","embeddable":true,"href":"https:\/\/cercledeconsciencia.com\/es\/wp-json\/wp\/v2\/tags?post=3272"},{"taxonomy":"mec_category","embeddable":true,"href":"https:\/\/cercledeconsciencia.com\/es\/wp-json\/wp\/v2\/mec_category?post=3272"},{"taxonomy":"mec_speaker","embeddable":true,"href":"https:\/\/cercledeconsciencia.com\/es\/wp-json\/wp\/v2\/mec_speaker?post=3272"}],"curies":[{"name":"wp","href":"https:\/\/api.w.org\/{rel}","templated":true}]}}

<p>Dos encuentros mensuales de 19:00 a 21:00h (Entre octubre de 2023 a mayo de 2024).<br />
Relacionarse es comunicarse, desde la palabra, el gesto, el silencio o cualquier otra forma de expresión&#8230; Relacionarme es abrirme al espacio del otro y abrirle el mío, y en ese espacio se mueven sentimientos y sensaciones de todo tipo.<br />
Si quieres indagar en estos espacios tus formas de relacionarte, en el Grupo de Trabajo Personal lo haremos&#8230;</p>
<p>”Yo soy yo, Tú eres tú&#8230;”<br />
Así comienza la famosa ‘oración gestáltica’ de Fritz Perls.<br />
Esa afirmación de la individuación era muy necesaria en el contexto de una sociedad “normalizadora”. Es el paso para contestar: ¿Quién soy?<br />
Y cuando al yo y al tú le agregamos el nosotros, vosotros y ellos, hace su aparición el grupo, la sociedad.<br />
Entonces, surge: ¿Quién soy, en el grupo? Que añade un factor más a la incógnita.</p>
<p><b>Imparte: Diego Bartholomew.</b>Terapeuta Gestalt y Corporal Integrativo. Miembro del Equipo docente de Espai TCI. Miembro adherente de la AETG.</p>
<p><b>Lugar: Salas Sant Josep</b><br />
<b>Más información e inscripciones</b><br />
<strong>Precios:<span style="font-weight: 400;"> 75€/mes <a style="color: #00806a;" href="mailto:diego.bs58@gmail.com">diego.bs58@gmail.com</a></span></strong> 622 901 858</p>

<!-- This site is optimized with the Yoast SEO plugin v27.4 - https://yoast.com/product/yoast-seo-wordpress/ -->
<title>Grupo de trabajo personal - Cercle de Consciència</title>
<meta name="robots" content="index, follow, max-snippet:-1, max-image-preview:large, max-video-preview:-1" />
<link rel="canonical" href="https://cercledeconsciencia.com/es/actividades/grupo-de-trabajo-personal/" />
<meta property="og:locale" content="es_ES" />
<meta property="og:type" content="article" />
<meta property="og:title" content="Grupo de trabajo personal - Cercle de Consciència" />
<meta property="og:description" content="Dos encuentros mensuales de 19:00 a 21:00h (Entre octubre de 2023 a mayo de 2024). Relacionarse es comunicarse, desde la palabra, el gesto, el silencio o cualquier otra forma de [&hellip;]" />
<meta property="og:url" content="https://cercledeconsciencia.com/es/actividades/grupo-de-trabajo-personal/" />
<meta property="og:site_name" content="Cercle de Consciència" />
<meta property="article:publisher" content="https://www.facebook.com/Cercledeconscienciabarcelona?_rdr" />
<meta property="article:modified_time" content="2024-03-05T01:30:27+00:00" />
<meta property="og:image" content="https://cercledeconsciencia.com/wp-content/uploads/2024/02/Gripo01.jpg" />
	<meta property="og:image:width" content="1156" />
	<meta property="og:image:height" content="591" />
	<meta property="og:image:type" content="image/jpeg" />
<meta name="twitter:card" content="summary_large_image" />
<meta name="twitter:label1" content="Tiempo de lectura" />
	<meta name="twitter:data1" content="2 minutos" />
<script type="application/ld+json" class="yoast-schema-graph">{"@context":"https:\/\/schema.org","@graph":[{"@type":"WebPage","@id":"https:\/\/cercledeconsciencia.com\/actividades\/grupo-de-trabajo-personal\/","url":"https:\/\/cercledeconsciencia.com\/actividades\/grupo-de-trabajo-personal\/","name":"Grupo de trabajo personal - Cercle de Consciència","isPartOf":{"@id":"https:\/\/cercledeconsciencia.com\/#website"},"primaryImageOfPage":{"@id":"https:\/\/cercledeconsciencia.com\/actividades\/grupo-de-trabajo-personal\/#primaryimage"},"image":{"@id":"https:\/\/cercledeconsciencia.com\/actividades\/grupo-de-trabajo-personal\/#primaryimage"},"thumbnailUrl":"https:\/\/cercledeconsciencia.com\/wp-content\/uploads\/2024\/02\/Gripo01.jpg","datePublished":"2024-02-19T23:56:04+00:00","dateModified":"2024-03-05T01:30:27+00:00","breadcrumb":{"@id":"https:\/\/cercledeconsciencia.com\/actividades\/grupo-de-trabajo-personal\/#breadcrumb"},"inLanguage":"es","potentialAction":[{"@type":"ReadAction","target":["https:\/\/cercledeconsciencia.com\/actividades\/grupo-de-trabajo-personal\/"]}]},{"@type":"ImageObject","inLanguage":"es","@id":"https:\/\/cercledeconsciencia.com\/actividades\/grupo-de-trabajo-personal\/#primaryimage","url":"https:\/\/cercledeconsciencia.com\/wp-content\/uploads\/2024\/02\/Gripo01.jpg","contentUrl":"https:\/\/cercledeconsciencia.com\/wp-content\/uploads\/2024\/02\/Gripo01.jpg","width":1156,"height":591},{"@type":"BreadcrumbList","@id":"https:\/\/cercledeconsciencia.com\/actividades\/grupo-de-trabajo-personal\/#breadcrumb","itemListElement":[{"@type":"ListItem","position":1,"name":"Portada","item":"https:\/\/cercledeconsciencia.com\/"},{"@type":"ListItem","position":2,"name":"Eventos","item":"https:\/\/cercledeconsciencia.com\/actividades\/"},{"@type":"ListItem","position":3,"name":"Grupo de trabajo personal"}]},{"@type":"WebSite","@id":"https:\/\/cercledeconsciencia.com\/#website","url":"https:\/\/cercledeconsciencia.com\/","name":"Cercle de Consciència","description":"Centro de Formación y Terapias","publisher":{"@id":"https:\/\/cercledeconsciencia.com\/#organization"},"potentialAction":[{"@type":"SearchAction","target":{"@type":"EntryPoint","urlTemplate":"https:\/\/cercledeconsciencia.com\/?s={search_term_string}"},"query-input":{"@type":"PropertyValueSpecification","valueRequired":true,"valueName":"search_term_string"}}],"inLanguage":"es"},{"@type":"Organization","@id":"https:\/\/cercledeconsciencia.com\/#organization","name":"Cercle de Consciència","url":"https:\/\/cercledeconsciencia.com\/","logo":{"@type":"ImageObject","inLanguage":"es","@id":"https:\/\/cercledeconsciencia.com\/#\/schema\/logo\/image\/","url":"https:\/\/cercledeconsciencia.com\/wp-content\/uploads\/2023\/07\/logo.png","contentUrl":"https:\/\/cercledeconsciencia.com\/wp-content\/uploads\/2023\/07\/logo.png","width":239,"height":68,"caption":"Cercle de Consciència"},"image":{"@id":"https:\/\/cercledeconsciencia.com\/#\/schema\/logo\/image\/"},"sameAs":["https:\/\/www.facebook.com\/Cercledeconscienciabarcelona?_rdr","https:\/\/www.instagram.com\/cercledeconsciencia\/","https:\/\/www.youtube.com\/c\/cercledeconsciencia"]}]}</script>
<!-- / Yoast SEO plugin. -->

Grupo de trabajo personal - Cercle de Consciència

Cercle de Consciència

Centro de Formación y Terapias
