{"id":5216,"date":"2025-02-25T15:15:00","date_gmt":"2025-02-25T15:15:00","guid":{"rendered":"https:\/\/cercledeconsciencia.com\/?post_type=mec-events&#038;p=5216"},"modified":"2025-03-04T11:28:30","modified_gmt":"2025-03-04T11:28:30","slug":"taller-cuerpo-y-escritura","status":"publish","type":"mec-events","link":"https:\/\/cercledeconsciencia.com\/es\/actividades\/taller-cuerpo-y-escritura\/","title":{"rendered":"Taller Cuerpo y Escritura"},"content":{"rendered":"<h5>Escribir es un trabajo artesanal con todo el cuerpo.<\/h5>\n<p>Un espacio para abrir lo que ya est\u00e1 inscrito en ti. Para crear a trav\u00e9s de tu CUERPO.<\/p>\n<p>Un espacio para ESCRIBIR por el deseo de escribir y encontrar el asombro de lo desconocido.<\/p>\n<p>Te esperamos para pasar todo un d\u00eda juntxs.T\u00fa, nosotras y el arte \u00edntimo y \u00fanico de cada unx.<\/p>\n<p>Imparten:<br \/>\n<strong>Esmeralda Berbel<\/strong>: Escritora y profesora de escritura creativa.<br \/>\n@esmeraldaberbel<br \/>\n<strong>Cristina Ribera Casal<\/strong>: Psic\u00f3loga y psicoterapeuta gestalt y corporal.<\/p>\n<p>Fecha: Domingo 13 de abril de 10 a 20h<br \/>\nLugar: Espaci TCI, Barcelona<br \/>\nPre-inscripci\u00f3n \/ reserva de plaza: 50\u20ac que se descontar\u00e1n del total. A pagar el d\u00eda del taller: 70\u20ac<\/p>\n<p>M\u00e1s info e inscripciones: +34 676 278 335 (Cris).<\/p>\n<p>&nbsp;<\/p>\n","protected":false},"excerpt":{"rendered":"<p>Escribir es un trabajo artesanal con todo el cuerpo. Un espacio para abrir lo que ya est\u00e1 inscrito en ti. Para crear a trav\u00e9s de tu CUERPO. Un espacio para [&hellip;]<\/p>\n","protected":false},"author":2,"featured_media":5217,"comment_status":"open","ping_status":"closed","template":"","tags":[],"mec_category":[71,105],"mec_speaker":[100],"class_list":["post-5216","mec-events","type-mec-events","status-publish","has-post-thumbnail","hentry","mec_category-cuerpo","mec_category-taller-puntual"],"yoast_head":"<!-- This site is optimized with the Yoast SEO plugin v27.4 - https:\/\/yoast.com\/product\/yoast-seo-wordpress\/ -->\n<title>Taller Cuerpo y Escritura - Cercle de Consci\u00e8ncia<\/title>\n<meta name=\"robots\" content=\"index, follow, max-snippet:-1, max-image-preview:large, max-video-preview:-1\" \/>\n<link rel=\"canonical\" href=\"https:\/\/cercledeconsciencia.com\/es\/actividades\/taller-cuerpo-y-escritura\/\" \/>\n<meta property=\"og:locale\" content=\"es_ES\" \/>\n<meta property=\"og:type\" content=\"article\" \/>\n<meta property=\"og:title\" content=\"Taller Cuerpo y Escritura - Cercle de Consci\u00e8ncia\" \/>\n<meta property=\"og:description\" content=\"Escribir es un trabajo artesanal con todo el cuerpo. Un espacio para abrir lo que ya est\u00e1 inscrito en ti. Para crear a trav\u00e9s de tu CUERPO. Un espacio para [&hellip;]\" \/>\n<meta property=\"og:url\" content=\"https:\/\/cercledeconsciencia.com\/es\/actividades\/taller-cuerpo-y-escritura\/\" \/>\n<meta property=\"og:site_name\" content=\"Cercle de Consci\u00e8ncia\" \/>\n<meta property=\"article:publisher\" content=\"https:\/\/www.facebook.com\/Cercledeconscienciabarcelona?_rdr\" \/>\n<meta property=\"article:modified_time\" content=\"2025-03-04T11:28:30+00:00\" \/>\n<meta property=\"og:image\" content=\"https:\/\/cercledeconsciencia.com\/wp-content\/uploads\/2025\/02\/Captura-de-pantalla-2025-02-25-a-las-16.13.37.png\" \/>\n\t<meta property=\"og:image:width\" content=\"581\" \/>\n\t<meta property=\"og:image:height\" content=\"404\" \/>\n\t<meta property=\"og:image:type\" content=\"image\/png\" \/>\n<meta name=\"twitter:card\" content=\"summary_large_image\" \/>\n<meta name=\"twitter:label1\" content=\"Tiempo de lectura\" \/>\n\t<meta name=\"twitter:data1\" content=\"1 minuto\" \/>\n<script type=\"application\/ld+json\" class=\"yoast-schema-graph\">{\"@context\":\"https:\\\/\\\/schema.org\",\"@graph\":[{\"@type\":\"WebPage\",\"@id\":\"https:\\\/\\\/cercledeconsciencia.com\\\/actividades\\\/taller-cuerpo-y-escritura\\\/\",\"url\":\"https:\\\/\\\/cercledeconsciencia.com\\\/actividades\\\/taller-cuerpo-y-escritura\\\/\",\"name\":\"Taller Cuerpo y Escritura - Cercle de Consci\u00e8ncia\",\"isPartOf\":{\"@id\":\"https:\\\/\\\/cercledeconsciencia.com\\\/#website\"},\"primaryImageOfPage\":{\"@id\":\"https:\\\/\\\/cercledeconsciencia.com\\\/actividades\\\/taller-cuerpo-y-escritura\\\/#primaryimage\"},\"image\":{\"@id\":\"https:\\\/\\\/cercledeconsciencia.com\\\/actividades\\\/taller-cuerpo-y-escritura\\\/#primaryimage\"},\"thumbnailUrl\":\"https:\\\/\\\/cercledeconsciencia.com\\\/wp-content\\\/uploads\\\/2025\\\/02\\\/Captura-de-pantalla-2025-02-25-a-las-16.13.37.png\",\"datePublished\":\"2025-02-25T15:15:00+00:00\",\"dateModified\":\"2025-03-04T11:28:30+00:00\",\"breadcrumb\":{\"@id\":\"https:\\\/\\\/cercledeconsciencia.com\\\/actividades\\\/taller-cuerpo-y-escritura\\\/#breadcrumb\"},\"inLanguage\":\"es\",\"potentialAction\":[{\"@type\":\"ReadAction\",\"target\":[\"https:\\\/\\\/cercledeconsciencia.com\\\/actividades\\\/taller-cuerpo-y-escritura\\\/\"]}]},{\"@type\":\"ImageObject\",\"inLanguage\":\"es\",\"@id\":\"https:\\\/\\\/cercledeconsciencia.com\\\/actividades\\\/taller-cuerpo-y-escritura\\\/#primaryimage\",\"url\":\"https:\\\/\\\/cercledeconsciencia.com\\\/wp-content\\\/uploads\\\/2025\\\/02\\\/Captura-de-pantalla-2025-02-25-a-las-16.13.37.png\",\"contentUrl\":\"https:\\\/\\\/cercledeconsciencia.com\\\/wp-content\\\/uploads\\\/2025\\\/02\\\/Captura-de-pantalla-2025-02-25-a-las-16.13.37.png\",\"width\":581,\"height\":404},{\"@type\":\"BreadcrumbList\",\"@id\":\"https:\\\/\\\/cercledeconsciencia.com\\\/actividades\\\/taller-cuerpo-y-escritura\\\/#breadcrumb\",\"itemListElement\":[{\"@type\":\"ListItem\",\"position\":1,\"name\":\"Portada\",\"item\":\"https:\\\/\\\/cercledeconsciencia.com\\\/\"},{\"@type\":\"ListItem\",\"position\":2,\"name\":\"Eventos\",\"item\":\"https:\\\/\\\/cercledeconsciencia.com\\\/actividades\\\/\"},{\"@type\":\"ListItem\",\"position\":3,\"name\":\"Taller Cuerpo y Escritura\"}]},{\"@type\":\"WebSite\",\"@id\":\"https:\\\/\\\/cercledeconsciencia.com\\\/#website\",\"url\":\"https:\\\/\\\/cercledeconsciencia.com\\\/\",\"name\":\"Cercle de Consci\u00e8ncia\",\"description\":\"Centro de Formaci\u00f3n y Terapias\",\"publisher\":{\"@id\":\"https:\\\/\\\/cercledeconsciencia.com\\\/#organization\"},\"potentialAction\":[{\"@type\":\"SearchAction\",\"target\":{\"@type\":\"EntryPoint\",\"urlTemplate\":\"https:\\\/\\\/cercledeconsciencia.com\\\/?s={search_term_string}\"},\"query-input\":{\"@type\":\"PropertyValueSpecification\",\"valueRequired\":true,\"valueName\":\"search_term_string\"}}],\"inLanguage\":\"es\"},{\"@type\":\"Organization\",\"@id\":\"https:\\\/\\\/cercledeconsciencia.com\\\/#organization\",\"name\":\"Cercle de Consci\u00e8ncia\",\"url\":\"https:\\\/\\\/cercledeconsciencia.com\\\/\",\"logo\":{\"@type\":\"ImageObject\",\"inLanguage\":\"es\",\"@id\":\"https:\\\/\\\/cercledeconsciencia.com\\\/#\\\/schema\\\/logo\\\/image\\\/\",\"url\":\"https:\\\/\\\/cercledeconsciencia.com\\\/wp-content\\\/uploads\\\/2023\\\/07\\\/logo.png\",\"contentUrl\":\"https:\\\/\\\/cercledeconsciencia.com\\\/wp-content\\\/uploads\\\/2023\\\/07\\\/logo.png\",\"width\":239,\"height\":68,\"caption\":\"Cercle de Consci\u00e8ncia\"},\"image\":{\"@id\":\"https:\\\/\\\/cercledeconsciencia.com\\\/#\\\/schema\\\/logo\\\/image\\\/\"},\"sameAs\":[\"https:\\\/\\\/www.facebook.com\\\/Cercledeconscienciabarcelona?_rdr\",\"https:\\\/\\\/www.instagram.com\\\/cercledeconsciencia\\\/\",\"https:\\\/\\\/www.youtube.com\\\/c\\\/cercledeconsciencia\"]}]}<\/script>\n<!-- \/ Yoast SEO plugin. -->","yoast_head_json":{"title":"Taller Cuerpo y Escritura - Cercle de Consci\u00e8ncia","robots":{"index":"index","follow":"follow","max-snippet":"max-snippet:-1","max-image-preview":"max-image-preview:large","max-video-preview":"max-video-preview:-1"},"canonical":"https:\/\/cercledeconsciencia.com\/es\/actividades\/taller-cuerpo-y-escritura\/","og_locale":"es_ES","og_type":"article","og_title":"Taller Cuerpo y Escritura - Cercle de Consci\u00e8ncia","og_description":"Escribir es un trabajo artesanal con todo el cuerpo. Un espacio para abrir lo que ya est\u00e1 inscrito en ti. Para crear a trav\u00e9s de tu CUERPO. Un espacio para [&hellip;]","og_url":"https:\/\/cercledeconsciencia.com\/es\/actividades\/taller-cuerpo-y-escritura\/","og_site_name":"Cercle de Consci\u00e8ncia","article_publisher":"https:\/\/www.facebook.com\/Cercledeconscienciabarcelona?_rdr","article_modified_time":"2025-03-04T11:28:30+00:00","og_image":[{"width":581,"height":404,"url":"https:\/\/cercledeconsciencia.com\/wp-content\/uploads\/2025\/02\/Captura-de-pantalla-2025-02-25-a-las-16.13.37.png","type":"image\/png"}],"twitter_card":"summary_large_image","twitter_misc":{"Tiempo de lectura":"1 minuto"},"schema":{"@context":"https:\/\/schema.org","@graph":[{"@type":"WebPage","@id":"https:\/\/cercledeconsciencia.com\/actividades\/taller-cuerpo-y-escritura\/","url":"https:\/\/cercledeconsciencia.com\/actividades\/taller-cuerpo-y-escritura\/","name":"Taller Cuerpo y Escritura - Cercle de Consci\u00e8ncia","isPartOf":{"@id":"https:\/\/cercledeconsciencia.com\/#website"},"primaryImageOfPage":{"@id":"https:\/\/cercledeconsciencia.com\/actividades\/taller-cuerpo-y-escritura\/#primaryimage"},"image":{"@id":"https:\/\/cercledeconsciencia.com\/actividades\/taller-cuerpo-y-escritura\/#primaryimage"},"thumbnailUrl":"https:\/\/cercledeconsciencia.com\/wp-content\/uploads\/2025\/02\/Captura-de-pantalla-2025-02-25-a-las-16.13.37.png","datePublished":"2025-02-25T15:15:00+00:00","dateModified":"2025-03-04T11:28:30+00:00","breadcrumb":{"@id":"https:\/\/cercledeconsciencia.com\/actividades\/taller-cuerpo-y-escritura\/#breadcrumb"},"inLanguage":"es","potentialAction":[{"@type":"ReadAction","target":["https:\/\/cercledeconsciencia.com\/actividades\/taller-cuerpo-y-escritura\/"]}]},{"@type":"ImageObject","inLanguage":"es","@id":"https:\/\/cercledeconsciencia.com\/actividades\/taller-cuerpo-y-escritura\/#primaryimage","url":"https:\/\/cercledeconsciencia.com\/wp-content\/uploads\/2025\/02\/Captura-de-pantalla-2025-02-25-a-las-16.13.37.png","contentUrl":"https:\/\/cercledeconsciencia.com\/wp-content\/uploads\/2025\/02\/Captura-de-pantalla-2025-02-25-a-las-16.13.37.png","width":581,"height":404},{"@type":"BreadcrumbList","@id":"https:\/\/cercledeconsciencia.com\/actividades\/taller-cuerpo-y-escritura\/#breadcrumb","itemListElement":[{"@type":"ListItem","position":1,"name":"Portada","item":"https:\/\/cercledeconsciencia.com\/"},{"@type":"ListItem","position":2,"name":"Eventos","item":"https:\/\/cercledeconsciencia.com\/actividades\/"},{"@type":"ListItem","position":3,"name":"Taller Cuerpo y Escritura"}]},{"@type":"WebSite","@id":"https:\/\/cercledeconsciencia.com\/#website","url":"https:\/\/cercledeconsciencia.com\/","name":"Cercle de Consci\u00e8ncia","description":"Centro de Formaci\u00f3n y Terapias","publisher":{"@id":"https:\/\/cercledeconsciencia.com\/#organization"},"potentialAction":[{"@type":"SearchAction","target":{"@type":"EntryPoint","urlTemplate":"https:\/\/cercledeconsciencia.com\/?s={search_term_string}"},"query-input":{"@type":"PropertyValueSpecification","valueRequired":true,"valueName":"search_term_string"}}],"inLanguage":"es"},{"@type":"Organization","@id":"https:\/\/cercledeconsciencia.com\/#organization","name":"Cercle de Consci\u00e8ncia","url":"https:\/\/cercledeconsciencia.com\/","logo":{"@type":"ImageObject","inLanguage":"es","@id":"https:\/\/cercledeconsciencia.com\/#\/schema\/logo\/image\/","url":"https:\/\/cercledeconsciencia.com\/wp-content\/uploads\/2023\/07\/logo.png","contentUrl":"https:\/\/cercledeconsciencia.com\/wp-content\/uploads\/2023\/07\/logo.png","width":239,"height":68,"caption":"Cercle de Consci\u00e8ncia"},"image":{"@id":"https:\/\/cercledeconsciencia.com\/#\/schema\/logo\/image\/"},"sameAs":["https:\/\/www.facebook.com\/Cercledeconscienciabarcelona?_rdr","https:\/\/www.instagram.com\/cercledeconsciencia\/","https:\/\/www.youtube.com\/c\/cercledeconsciencia"]}]}},"_links":{"self":[{"href":"https:\/\/cercledeconsciencia.com\/es\/wp-json\/wp\/v2\/mec-events\/5216","targetHints":{"allow":["GET"]}}],"collection":[{"href":"https:\/\/cercledeconsciencia.com\/es\/wp-json\/wp\/v2\/mec-events"}],"about":[{"href":"https:\/\/cercledeconsciencia.com\/es\/wp-json\/wp\/v2\/types\/mec-events"}],"author":[{"embeddable":true,"href":"https:\/\/cercledeconsciencia.com\/es\/wp-json\/wp\/v2\/users\/2"}],"replies":[{"embeddable":true,"href":"https:\/\/cercledeconsciencia.com\/es\/wp-json\/wp\/v2\/comments?post=5216"}],"wp:featuredmedia":[{"embeddable":true,"href":"https:\/\/cercledeconsciencia.com\/es\/wp-json\/wp\/v2\/media\/5217"}],"wp:attachment":[{"href":"https:\/\/cercledeconsciencia.com\/es\/wp-json\/wp\/v2\/media?parent=5216"}],"wp:term":[{"taxonomy":"post_tag","embeddable":true,"href":"https:\/\/cercledeconsciencia.com\/es\/wp-json\/wp\/v2\/tags?post=5216"},{"taxonomy":"mec_category","embeddable":true,"href":"https:\/\/cercledeconsciencia.com\/es\/wp-json\/wp\/v2\/mec_category?post=5216"},{"taxonomy":"mec_speaker","embeddable":true,"href":"https:\/\/cercledeconsciencia.com\/es\/wp-json\/wp\/v2\/mec_speaker?post=5216"}],"curies":[{"name":"wp","href":"https:\/\/api.w.org\/{rel}","templated":true}]}}

<h5>Escribir es un trabajo artesanal con todo el cuerpo.</h5>
<p>Un espacio para abrir lo que ya está inscrito en ti. Para crear a través de tu CUERPO.</p>
<p>Un espacio para ESCRIBIR por el deseo de escribir y encontrar el asombro de lo desconocido.</p>
<p>Te esperamos para pasar todo un día juntxs.Tú, nosotras y el arte íntimo y único de cada unx.</p>
<p>Imparten:<br />
<strong>Esmeralda Berbel</strong>: Escritora y profesora de escritura creativa.<br />
@esmeraldaberbel<br />
<strong>Cristina Ribera Casal</strong>: Psicóloga y psicoterapeuta gestalt y corporal.</p>
<p>Fecha: Domingo 13 de abril de 10 a 20h<br />
Lugar: Espaci TCI, Barcelona<br />
Pre-inscripción / reserva de plaza: 50€ que se descontarán del total. A pagar el día del taller: 70€</p>
<p>Más info e inscripciones: +34 676 278 335 (Cris).</p>
<p>&nbsp;</p>

<p>Escribir es un trabajo artesanal con todo el cuerpo. Un espacio para abrir lo que ya está inscrito en ti. Para crear a través de tu CUERPO. Un espacio para [&hellip;]</p>

<!-- This site is optimized with the Yoast SEO plugin v27.4 - https://yoast.com/product/yoast-seo-wordpress/ -->
<title>Taller Cuerpo y Escritura - Cercle de Consciència</title>
<meta name="robots" content="index, follow, max-snippet:-1, max-image-preview:large, max-video-preview:-1" />
<link rel="canonical" href="https://cercledeconsciencia.com/es/actividades/taller-cuerpo-y-escritura/" />
<meta property="og:locale" content="es_ES" />
<meta property="og:type" content="article" />
<meta property="og:title" content="Taller Cuerpo y Escritura - Cercle de Consciència" />
<meta property="og:description" content="Escribir es un trabajo artesanal con todo el cuerpo. Un espacio para abrir lo que ya está inscrito en ti. Para crear a través de tu CUERPO. Un espacio para [&hellip;]" />
<meta property="og:url" content="https://cercledeconsciencia.com/es/actividades/taller-cuerpo-y-escritura/" />
<meta property="og:site_name" content="Cercle de Consciència" />
<meta property="article:publisher" content="https://www.facebook.com/Cercledeconscienciabarcelona?_rdr" />
<meta property="article:modified_time" content="2025-03-04T11:28:30+00:00" />
<meta property="og:image" content="https://cercledeconsciencia.com/wp-content/uploads/2025/02/Captura-de-pantalla-2025-02-25-a-las-16.13.37.png" />
	<meta property="og:image:width" content="581" />
	<meta property="og:image:height" content="404" />
	<meta property="og:image:type" content="image/png" />
<meta name="twitter:card" content="summary_large_image" />
<meta name="twitter:label1" content="Tiempo de lectura" />
	<meta name="twitter:data1" content="1 minuto" />
<script type="application/ld+json" class="yoast-schema-graph">{"@context":"https:\/\/schema.org","@graph":[{"@type":"WebPage","@id":"https:\/\/cercledeconsciencia.com\/actividades\/taller-cuerpo-y-escritura\/","url":"https:\/\/cercledeconsciencia.com\/actividades\/taller-cuerpo-y-escritura\/","name":"Taller Cuerpo y Escritura - Cercle de Consciència","isPartOf":{"@id":"https:\/\/cercledeconsciencia.com\/#website"},"primaryImageOfPage":{"@id":"https:\/\/cercledeconsciencia.com\/actividades\/taller-cuerpo-y-escritura\/#primaryimage"},"image":{"@id":"https:\/\/cercledeconsciencia.com\/actividades\/taller-cuerpo-y-escritura\/#primaryimage"},"thumbnailUrl":"https:\/\/cercledeconsciencia.com\/wp-content\/uploads\/2025\/02\/Captura-de-pantalla-2025-02-25-a-las-16.13.37.png","datePublished":"2025-02-25T15:15:00+00:00","dateModified":"2025-03-04T11:28:30+00:00","breadcrumb":{"@id":"https:\/\/cercledeconsciencia.com\/actividades\/taller-cuerpo-y-escritura\/#breadcrumb"},"inLanguage":"es","potentialAction":[{"@type":"ReadAction","target":["https:\/\/cercledeconsciencia.com\/actividades\/taller-cuerpo-y-escritura\/"]}]},{"@type":"ImageObject","inLanguage":"es","@id":"https:\/\/cercledeconsciencia.com\/actividades\/taller-cuerpo-y-escritura\/#primaryimage","url":"https:\/\/cercledeconsciencia.com\/wp-content\/uploads\/2025\/02\/Captura-de-pantalla-2025-02-25-a-las-16.13.37.png","contentUrl":"https:\/\/cercledeconsciencia.com\/wp-content\/uploads\/2025\/02\/Captura-de-pantalla-2025-02-25-a-las-16.13.37.png","width":581,"height":404},{"@type":"BreadcrumbList","@id":"https:\/\/cercledeconsciencia.com\/actividades\/taller-cuerpo-y-escritura\/#breadcrumb","itemListElement":[{"@type":"ListItem","position":1,"name":"Portada","item":"https:\/\/cercledeconsciencia.com\/"},{"@type":"ListItem","position":2,"name":"Eventos","item":"https:\/\/cercledeconsciencia.com\/actividades\/"},{"@type":"ListItem","position":3,"name":"Taller Cuerpo y Escritura"}]},{"@type":"WebSite","@id":"https:\/\/cercledeconsciencia.com\/#website","url":"https:\/\/cercledeconsciencia.com\/","name":"Cercle de Consciència","description":"Centro de Formación y Terapias","publisher":{"@id":"https:\/\/cercledeconsciencia.com\/#organization"},"potentialAction":[{"@type":"SearchAction","target":{"@type":"EntryPoint","urlTemplate":"https:\/\/cercledeconsciencia.com\/?s={search_term_string}"},"query-input":{"@type":"PropertyValueSpecification","valueRequired":true,"valueName":"search_term_string"}}],"inLanguage":"es"},{"@type":"Organization","@id":"https:\/\/cercledeconsciencia.com\/#organization","name":"Cercle de Consciència","url":"https:\/\/cercledeconsciencia.com\/","logo":{"@type":"ImageObject","inLanguage":"es","@id":"https:\/\/cercledeconsciencia.com\/#\/schema\/logo\/image\/","url":"https:\/\/cercledeconsciencia.com\/wp-content\/uploads\/2023\/07\/logo.png","contentUrl":"https:\/\/cercledeconsciencia.com\/wp-content\/uploads\/2023\/07\/logo.png","width":239,"height":68,"caption":"Cercle de Consciència"},"image":{"@id":"https:\/\/cercledeconsciencia.com\/#\/schema\/logo\/image\/"},"sameAs":["https:\/\/www.facebook.com\/Cercledeconscienciabarcelona?_rdr","https:\/\/www.instagram.com\/cercledeconsciencia\/","https:\/\/www.youtube.com\/c\/cercledeconsciencia"]}]}</script>
<!-- / Yoast SEO plugin. -->

Taller Cuerpo y Escritura - Cercle de Consciència

Escribir es un trabajo artesanal con todo el cuerpo. Un espacio para abrir lo que ya está inscrito en ti. Para crear a través de tu CUERPO. Un espacio para [&hellip;]

Cercle de Consciència

Centro de Formación y Terapias
