{"id":5390,"date":"2025-06-12T12:37:42","date_gmt":"2025-06-12T12:37:42","guid":{"rendered":"https:\/\/cercledeconsciencia.com\/?post_type=mec-events&#038;p=5390"},"modified":"2025-06-12T12:45:41","modified_gmt":"2025-06-12T12:45:41","slug":"taller-introductorio-los-tres-pilares-ibiza","status":"publish","type":"mec-events","link":"https:\/\/cercledeconsciencia.com\/es\/actividades\/taller-introductorio-los-tres-pilares-ibiza\/","title":{"rendered":"Taller Introductorio: Los Tres Pilares. Ibiza."},"content":{"rendered":"<h5><strong>Introductorio a la Formaci\u00f3n en Gestalt Integrativa<br \/>\n<\/strong><\/h5>\n<p>Te invitamos a conocer los tres pilares de la Gestalt: el <strong>Aqu\u00ed y Ahora<\/strong>, el <strong>Darse cuenta<\/strong> y la <strong>Responsabilidad<\/strong>.<\/p>\n<p>Crearemos un espacio experiencial para que puedas comprenderlos, sentirlos en el cuerpo y abrirte a una forma m\u00e1s consciente de vivir.<\/p>\n<p>\u00a1TE ESPERAMOS!<\/p>\n<p>En Cercle de Consci\u00e8ncia Eivissa, St. Josep.<\/p>\n<p>Imprescindible inscripci\u00f3n previa.<\/p>\n<p>Inscripci\u00f3n: Eva &#8211; 685.882.430<\/p>\n<p>Facilitan: <strong>Constanza Canals. <\/strong>Formada en Gestalt y Terapia Corporal Integrativa (TCI) y <strong>Corina Bretschneider. <\/strong>Formada en Gestalt y Terapia Corporal Integrativa (TCI)<\/p>\n","protected":false},"excerpt":{"rendered":"<p>Introductorio a la Formaci\u00f3n en Gestalt Integrativa Te invitamos a conocer los tres pilares de la Gestalt: el Aqu\u00ed y Ahora, el Darse cuenta y la Responsabilidad. Crearemos un espacio [&hellip;]<\/p>\n","protected":false},"author":2,"featured_media":5391,"comment_status":"closed","ping_status":"closed","template":"","tags":[],"mec_category":[81,54],"mec_speaker":[],"class_list":["post-5390","mec-events","type-mec-events","status-publish","has-post-thumbnail","hentry","mec_category-enfoque-gestalt","mec_category-introductorio-formacion"],"yoast_head":"<!-- This site is optimized with the Yoast SEO plugin v27.4 - https:\/\/yoast.com\/product\/yoast-seo-wordpress\/ -->\n<title>Taller Introductorio: Los Tres Pilares. Ibiza. - Cercle de Consci\u00e8ncia<\/title>\n<meta name=\"robots\" content=\"index, follow, max-snippet:-1, max-image-preview:large, max-video-preview:-1\" \/>\n<link rel=\"canonical\" href=\"https:\/\/cercledeconsciencia.com\/es\/actividades\/taller-introductorio-los-tres-pilares-ibiza\/\" \/>\n<meta property=\"og:locale\" content=\"es_ES\" \/>\n<meta property=\"og:type\" content=\"article\" \/>\n<meta property=\"og:title\" content=\"Taller Introductorio: Los Tres Pilares. Ibiza. - Cercle de Consci\u00e8ncia\" \/>\n<meta property=\"og:description\" content=\"Introductorio a la Formaci\u00f3n en Gestalt Integrativa Te invitamos a conocer los tres pilares de la Gestalt: el Aqu\u00ed y Ahora, el Darse cuenta y la Responsabilidad. Crearemos un espacio [&hellip;]\" \/>\n<meta property=\"og:url\" content=\"https:\/\/cercledeconsciencia.com\/es\/actividades\/taller-introductorio-los-tres-pilares-ibiza\/\" \/>\n<meta property=\"og:site_name\" content=\"Cercle de Consci\u00e8ncia\" \/>\n<meta property=\"article:publisher\" content=\"https:\/\/www.facebook.com\/Cercledeconscienciabarcelona?_rdr\" \/>\n<meta property=\"article:modified_time\" content=\"2025-06-12T12:45:41+00:00\" \/>\n<meta property=\"og:image\" content=\"https:\/\/cercledeconsciencia.com\/wp-content\/uploads\/2025\/06\/Captura-de-pantalla-2025-06-11-a-las-11.12.55.png\" \/>\n\t<meta property=\"og:image:width\" content=\"736\" \/>\n\t<meta property=\"og:image:height\" content=\"492\" \/>\n\t<meta property=\"og:image:type\" content=\"image\/png\" \/>\n<meta name=\"twitter:card\" content=\"summary_large_image\" \/>\n<meta name=\"twitter:label1\" content=\"Tiempo de lectura\" \/>\n\t<meta name=\"twitter:data1\" content=\"1 minuto\" \/>\n<script type=\"application\/ld+json\" class=\"yoast-schema-graph\">{\"@context\":\"https:\\\/\\\/schema.org\",\"@graph\":[{\"@type\":\"WebPage\",\"@id\":\"https:\\\/\\\/cercledeconsciencia.com\\\/actividades\\\/taller-introductorio-los-tres-pilares-ibiza\\\/\",\"url\":\"https:\\\/\\\/cercledeconsciencia.com\\\/actividades\\\/taller-introductorio-los-tres-pilares-ibiza\\\/\",\"name\":\"Taller Introductorio: Los Tres Pilares. Ibiza. - Cercle de Consci\u00e8ncia\",\"isPartOf\":{\"@id\":\"https:\\\/\\\/cercledeconsciencia.com\\\/#website\"},\"primaryImageOfPage\":{\"@id\":\"https:\\\/\\\/cercledeconsciencia.com\\\/actividades\\\/taller-introductorio-los-tres-pilares-ibiza\\\/#primaryimage\"},\"image\":{\"@id\":\"https:\\\/\\\/cercledeconsciencia.com\\\/actividades\\\/taller-introductorio-los-tres-pilares-ibiza\\\/#primaryimage\"},\"thumbnailUrl\":\"https:\\\/\\\/cercledeconsciencia.com\\\/wp-content\\\/uploads\\\/2025\\\/06\\\/Captura-de-pantalla-2025-06-11-a-las-11.12.55.png\",\"datePublished\":\"2025-06-12T12:37:42+00:00\",\"dateModified\":\"2025-06-12T12:45:41+00:00\",\"breadcrumb\":{\"@id\":\"https:\\\/\\\/cercledeconsciencia.com\\\/actividades\\\/taller-introductorio-los-tres-pilares-ibiza\\\/#breadcrumb\"},\"inLanguage\":\"es\",\"potentialAction\":[{\"@type\":\"ReadAction\",\"target\":[\"https:\\\/\\\/cercledeconsciencia.com\\\/actividades\\\/taller-introductorio-los-tres-pilares-ibiza\\\/\"]}]},{\"@type\":\"ImageObject\",\"inLanguage\":\"es\",\"@id\":\"https:\\\/\\\/cercledeconsciencia.com\\\/actividades\\\/taller-introductorio-los-tres-pilares-ibiza\\\/#primaryimage\",\"url\":\"https:\\\/\\\/cercledeconsciencia.com\\\/wp-content\\\/uploads\\\/2025\\\/06\\\/Captura-de-pantalla-2025-06-11-a-las-11.12.55.png\",\"contentUrl\":\"https:\\\/\\\/cercledeconsciencia.com\\\/wp-content\\\/uploads\\\/2025\\\/06\\\/Captura-de-pantalla-2025-06-11-a-las-11.12.55.png\",\"width\":736,\"height\":492},{\"@type\":\"BreadcrumbList\",\"@id\":\"https:\\\/\\\/cercledeconsciencia.com\\\/actividades\\\/taller-introductorio-los-tres-pilares-ibiza\\\/#breadcrumb\",\"itemListElement\":[{\"@type\":\"ListItem\",\"position\":1,\"name\":\"Portada\",\"item\":\"https:\\\/\\\/cercledeconsciencia.com\\\/\"},{\"@type\":\"ListItem\",\"position\":2,\"name\":\"Eventos\",\"item\":\"https:\\\/\\\/cercledeconsciencia.com\\\/actividades\\\/\"},{\"@type\":\"ListItem\",\"position\":3,\"name\":\"Taller Introductorio: Los Tres Pilares. Ibiza.\"}]},{\"@type\":\"WebSite\",\"@id\":\"https:\\\/\\\/cercledeconsciencia.com\\\/#website\",\"url\":\"https:\\\/\\\/cercledeconsciencia.com\\\/\",\"name\":\"Cercle de Consci\u00e8ncia\",\"description\":\"Centro de Formaci\u00f3n y Terapias\",\"publisher\":{\"@id\":\"https:\\\/\\\/cercledeconsciencia.com\\\/#organization\"},\"potentialAction\":[{\"@type\":\"SearchAction\",\"target\":{\"@type\":\"EntryPoint\",\"urlTemplate\":\"https:\\\/\\\/cercledeconsciencia.com\\\/?s={search_term_string}\"},\"query-input\":{\"@type\":\"PropertyValueSpecification\",\"valueRequired\":true,\"valueName\":\"search_term_string\"}}],\"inLanguage\":\"es\"},{\"@type\":\"Organization\",\"@id\":\"https:\\\/\\\/cercledeconsciencia.com\\\/#organization\",\"name\":\"Cercle de Consci\u00e8ncia\",\"url\":\"https:\\\/\\\/cercledeconsciencia.com\\\/\",\"logo\":{\"@type\":\"ImageObject\",\"inLanguage\":\"es\",\"@id\":\"https:\\\/\\\/cercledeconsciencia.com\\\/#\\\/schema\\\/logo\\\/image\\\/\",\"url\":\"https:\\\/\\\/cercledeconsciencia.com\\\/wp-content\\\/uploads\\\/2023\\\/07\\\/logo.png\",\"contentUrl\":\"https:\\\/\\\/cercledeconsciencia.com\\\/wp-content\\\/uploads\\\/2023\\\/07\\\/logo.png\",\"width\":239,\"height\":68,\"caption\":\"Cercle de Consci\u00e8ncia\"},\"image\":{\"@id\":\"https:\\\/\\\/cercledeconsciencia.com\\\/#\\\/schema\\\/logo\\\/image\\\/\"},\"sameAs\":[\"https:\\\/\\\/www.facebook.com\\\/Cercledeconscienciabarcelona?_rdr\",\"https:\\\/\\\/www.instagram.com\\\/cercledeconsciencia\\\/\",\"https:\\\/\\\/www.youtube.com\\\/c\\\/cercledeconsciencia\"]}]}<\/script>\n<!-- \/ Yoast SEO plugin. -->","yoast_head_json":{"title":"Taller Introductorio: Los Tres Pilares. Ibiza. - Cercle de Consci\u00e8ncia","robots":{"index":"index","follow":"follow","max-snippet":"max-snippet:-1","max-image-preview":"max-image-preview:large","max-video-preview":"max-video-preview:-1"},"canonical":"https:\/\/cercledeconsciencia.com\/es\/actividades\/taller-introductorio-los-tres-pilares-ibiza\/","og_locale":"es_ES","og_type":"article","og_title":"Taller Introductorio: Los Tres Pilares. Ibiza. - Cercle de Consci\u00e8ncia","og_description":"Introductorio a la Formaci\u00f3n en Gestalt Integrativa Te invitamos a conocer los tres pilares de la Gestalt: el Aqu\u00ed y Ahora, el Darse cuenta y la Responsabilidad. Crearemos un espacio [&hellip;]","og_url":"https:\/\/cercledeconsciencia.com\/es\/actividades\/taller-introductorio-los-tres-pilares-ibiza\/","og_site_name":"Cercle de Consci\u00e8ncia","article_publisher":"https:\/\/www.facebook.com\/Cercledeconscienciabarcelona?_rdr","article_modified_time":"2025-06-12T12:45:41+00:00","og_image":[{"width":736,"height":492,"url":"https:\/\/cercledeconsciencia.com\/wp-content\/uploads\/2025\/06\/Captura-de-pantalla-2025-06-11-a-las-11.12.55.png","type":"image\/png"}],"twitter_card":"summary_large_image","twitter_misc":{"Tiempo de lectura":"1 minuto"},"schema":{"@context":"https:\/\/schema.org","@graph":[{"@type":"WebPage","@id":"https:\/\/cercledeconsciencia.com\/actividades\/taller-introductorio-los-tres-pilares-ibiza\/","url":"https:\/\/cercledeconsciencia.com\/actividades\/taller-introductorio-los-tres-pilares-ibiza\/","name":"Taller Introductorio: Los Tres Pilares. Ibiza. - Cercle de Consci\u00e8ncia","isPartOf":{"@id":"https:\/\/cercledeconsciencia.com\/#website"},"primaryImageOfPage":{"@id":"https:\/\/cercledeconsciencia.com\/actividades\/taller-introductorio-los-tres-pilares-ibiza\/#primaryimage"},"image":{"@id":"https:\/\/cercledeconsciencia.com\/actividades\/taller-introductorio-los-tres-pilares-ibiza\/#primaryimage"},"thumbnailUrl":"https:\/\/cercledeconsciencia.com\/wp-content\/uploads\/2025\/06\/Captura-de-pantalla-2025-06-11-a-las-11.12.55.png","datePublished":"2025-06-12T12:37:42+00:00","dateModified":"2025-06-12T12:45:41+00:00","breadcrumb":{"@id":"https:\/\/cercledeconsciencia.com\/actividades\/taller-introductorio-los-tres-pilares-ibiza\/#breadcrumb"},"inLanguage":"es","potentialAction":[{"@type":"ReadAction","target":["https:\/\/cercledeconsciencia.com\/actividades\/taller-introductorio-los-tres-pilares-ibiza\/"]}]},{"@type":"ImageObject","inLanguage":"es","@id":"https:\/\/cercledeconsciencia.com\/actividades\/taller-introductorio-los-tres-pilares-ibiza\/#primaryimage","url":"https:\/\/cercledeconsciencia.com\/wp-content\/uploads\/2025\/06\/Captura-de-pantalla-2025-06-11-a-las-11.12.55.png","contentUrl":"https:\/\/cercledeconsciencia.com\/wp-content\/uploads\/2025\/06\/Captura-de-pantalla-2025-06-11-a-las-11.12.55.png","width":736,"height":492},{"@type":"BreadcrumbList","@id":"https:\/\/cercledeconsciencia.com\/actividades\/taller-introductorio-los-tres-pilares-ibiza\/#breadcrumb","itemListElement":[{"@type":"ListItem","position":1,"name":"Portada","item":"https:\/\/cercledeconsciencia.com\/"},{"@type":"ListItem","position":2,"name":"Eventos","item":"https:\/\/cercledeconsciencia.com\/actividades\/"},{"@type":"ListItem","position":3,"name":"Taller Introductorio: Los Tres Pilares. Ibiza."}]},{"@type":"WebSite","@id":"https:\/\/cercledeconsciencia.com\/#website","url":"https:\/\/cercledeconsciencia.com\/","name":"Cercle de Consci\u00e8ncia","description":"Centro de Formaci\u00f3n y Terapias","publisher":{"@id":"https:\/\/cercledeconsciencia.com\/#organization"},"potentialAction":[{"@type":"SearchAction","target":{"@type":"EntryPoint","urlTemplate":"https:\/\/cercledeconsciencia.com\/?s={search_term_string}"},"query-input":{"@type":"PropertyValueSpecification","valueRequired":true,"valueName":"search_term_string"}}],"inLanguage":"es"},{"@type":"Organization","@id":"https:\/\/cercledeconsciencia.com\/#organization","name":"Cercle de Consci\u00e8ncia","url":"https:\/\/cercledeconsciencia.com\/","logo":{"@type":"ImageObject","inLanguage":"es","@id":"https:\/\/cercledeconsciencia.com\/#\/schema\/logo\/image\/","url":"https:\/\/cercledeconsciencia.com\/wp-content\/uploads\/2023\/07\/logo.png","contentUrl":"https:\/\/cercledeconsciencia.com\/wp-content\/uploads\/2023\/07\/logo.png","width":239,"height":68,"caption":"Cercle de Consci\u00e8ncia"},"image":{"@id":"https:\/\/cercledeconsciencia.com\/#\/schema\/logo\/image\/"},"sameAs":["https:\/\/www.facebook.com\/Cercledeconscienciabarcelona?_rdr","https:\/\/www.instagram.com\/cercledeconsciencia\/","https:\/\/www.youtube.com\/c\/cercledeconsciencia"]}]}},"_links":{"self":[{"href":"https:\/\/cercledeconsciencia.com\/es\/wp-json\/wp\/v2\/mec-events\/5390","targetHints":{"allow":["GET"]}}],"collection":[{"href":"https:\/\/cercledeconsciencia.com\/es\/wp-json\/wp\/v2\/mec-events"}],"about":[{"href":"https:\/\/cercledeconsciencia.com\/es\/wp-json\/wp\/v2\/types\/mec-events"}],"author":[{"embeddable":true,"href":"https:\/\/cercledeconsciencia.com\/es\/wp-json\/wp\/v2\/users\/2"}],"replies":[{"embeddable":true,"href":"https:\/\/cercledeconsciencia.com\/es\/wp-json\/wp\/v2\/comments?post=5390"}],"wp:featuredmedia":[{"embeddable":true,"href":"https:\/\/cercledeconsciencia.com\/es\/wp-json\/wp\/v2\/media\/5391"}],"wp:attachment":[{"href":"https:\/\/cercledeconsciencia.com\/es\/wp-json\/wp\/v2\/media?parent=5390"}],"wp:term":[{"taxonomy":"post_tag","embeddable":true,"href":"https:\/\/cercledeconsciencia.com\/es\/wp-json\/wp\/v2\/tags?post=5390"},{"taxonomy":"mec_category","embeddable":true,"href":"https:\/\/cercledeconsciencia.com\/es\/wp-json\/wp\/v2\/mec_category?post=5390"},{"taxonomy":"mec_speaker","embeddable":true,"href":"https:\/\/cercledeconsciencia.com\/es\/wp-json\/wp\/v2\/mec_speaker?post=5390"}],"curies":[{"name":"wp","href":"https:\/\/api.w.org\/{rel}","templated":true}]}}

<h5><strong>Introductorio a la Formación en Gestalt Integrativa<br />
</strong></h5>
<p>Te invitamos a conocer los tres pilares de la Gestalt: el <strong>Aquí y Ahora</strong>, el <strong>Darse cuenta</strong> y la <strong>Responsabilidad</strong>.</p>
<p>Crearemos un espacio experiencial para que puedas comprenderlos, sentirlos en el cuerpo y abrirte a una forma más consciente de vivir.</p>
<p>¡TE ESPERAMOS!</p>
<p>En Cercle de Consciència Eivissa, St. Josep.</p>
<p>Imprescindible inscripción previa.</p>
<p>Inscripción: Eva &#8211; 685.882.430</p>
<p>Facilitan: <strong>Constanza Canals. </strong>Formada en Gestalt y Terapia Corporal Integrativa (TCI) y <strong>Corina Bretschneider. </strong>Formada en Gestalt y Terapia Corporal Integrativa (TCI)</p>

<p>Introductorio a la Formación en Gestalt Integrativa Te invitamos a conocer los tres pilares de la Gestalt: el Aquí y Ahora, el Darse cuenta y la Responsabilidad. Crearemos un espacio [&hellip;]</p>

<!-- This site is optimized with the Yoast SEO plugin v27.4 - https://yoast.com/product/yoast-seo-wordpress/ -->
<title>Taller Introductorio: Los Tres Pilares. Ibiza. - Cercle de Consciència</title>
<meta name="robots" content="index, follow, max-snippet:-1, max-image-preview:large, max-video-preview:-1" />
<link rel="canonical" href="https://cercledeconsciencia.com/es/actividades/taller-introductorio-los-tres-pilares-ibiza/" />
<meta property="og:locale" content="es_ES" />
<meta property="og:type" content="article" />
<meta property="og:title" content="Taller Introductorio: Los Tres Pilares. Ibiza. - Cercle de Consciència" />
<meta property="og:description" content="Introductorio a la Formación en Gestalt Integrativa Te invitamos a conocer los tres pilares de la Gestalt: el Aquí y Ahora, el Darse cuenta y la Responsabilidad. Crearemos un espacio [&hellip;]" />
<meta property="og:url" content="https://cercledeconsciencia.com/es/actividades/taller-introductorio-los-tres-pilares-ibiza/" />
<meta property="og:site_name" content="Cercle de Consciència" />
<meta property="article:publisher" content="https://www.facebook.com/Cercledeconscienciabarcelona?_rdr" />
<meta property="article:modified_time" content="2025-06-12T12:45:41+00:00" />
<meta property="og:image" content="https://cercledeconsciencia.com/wp-content/uploads/2025/06/Captura-de-pantalla-2025-06-11-a-las-11.12.55.png" />
	<meta property="og:image:width" content="736" />
	<meta property="og:image:height" content="492" />
	<meta property="og:image:type" content="image/png" />
<meta name="twitter:card" content="summary_large_image" />
<meta name="twitter:label1" content="Tiempo de lectura" />
	<meta name="twitter:data1" content="1 minuto" />
<script type="application/ld+json" class="yoast-schema-graph">{"@context":"https:\/\/schema.org","@graph":[{"@type":"WebPage","@id":"https:\/\/cercledeconsciencia.com\/actividades\/taller-introductorio-los-tres-pilares-ibiza\/","url":"https:\/\/cercledeconsciencia.com\/actividades\/taller-introductorio-los-tres-pilares-ibiza\/","name":"Taller Introductorio: Los Tres Pilares. Ibiza. - Cercle de Consciència","isPartOf":{"@id":"https:\/\/cercledeconsciencia.com\/#website"},"primaryImageOfPage":{"@id":"https:\/\/cercledeconsciencia.com\/actividades\/taller-introductorio-los-tres-pilares-ibiza\/#primaryimage"},"image":{"@id":"https:\/\/cercledeconsciencia.com\/actividades\/taller-introductorio-los-tres-pilares-ibiza\/#primaryimage"},"thumbnailUrl":"https:\/\/cercledeconsciencia.com\/wp-content\/uploads\/2025\/06\/Captura-de-pantalla-2025-06-11-a-las-11.12.55.png","datePublished":"2025-06-12T12:37:42+00:00","dateModified":"2025-06-12T12:45:41+00:00","breadcrumb":{"@id":"https:\/\/cercledeconsciencia.com\/actividades\/taller-introductorio-los-tres-pilares-ibiza\/#breadcrumb"},"inLanguage":"es","potentialAction":[{"@type":"ReadAction","target":["https:\/\/cercledeconsciencia.com\/actividades\/taller-introductorio-los-tres-pilares-ibiza\/"]}]},{"@type":"ImageObject","inLanguage":"es","@id":"https:\/\/cercledeconsciencia.com\/actividades\/taller-introductorio-los-tres-pilares-ibiza\/#primaryimage","url":"https:\/\/cercledeconsciencia.com\/wp-content\/uploads\/2025\/06\/Captura-de-pantalla-2025-06-11-a-las-11.12.55.png","contentUrl":"https:\/\/cercledeconsciencia.com\/wp-content\/uploads\/2025\/06\/Captura-de-pantalla-2025-06-11-a-las-11.12.55.png","width":736,"height":492},{"@type":"BreadcrumbList","@id":"https:\/\/cercledeconsciencia.com\/actividades\/taller-introductorio-los-tres-pilares-ibiza\/#breadcrumb","itemListElement":[{"@type":"ListItem","position":1,"name":"Portada","item":"https:\/\/cercledeconsciencia.com\/"},{"@type":"ListItem","position":2,"name":"Eventos","item":"https:\/\/cercledeconsciencia.com\/actividades\/"},{"@type":"ListItem","position":3,"name":"Taller Introductorio: Los Tres Pilares. Ibiza."}]},{"@type":"WebSite","@id":"https:\/\/cercledeconsciencia.com\/#website","url":"https:\/\/cercledeconsciencia.com\/","name":"Cercle de Consciència","description":"Centro de Formación y Terapias","publisher":{"@id":"https:\/\/cercledeconsciencia.com\/#organization"},"potentialAction":[{"@type":"SearchAction","target":{"@type":"EntryPoint","urlTemplate":"https:\/\/cercledeconsciencia.com\/?s={search_term_string}"},"query-input":{"@type":"PropertyValueSpecification","valueRequired":true,"valueName":"search_term_string"}}],"inLanguage":"es"},{"@type":"Organization","@id":"https:\/\/cercledeconsciencia.com\/#organization","name":"Cercle de Consciència","url":"https:\/\/cercledeconsciencia.com\/","logo":{"@type":"ImageObject","inLanguage":"es","@id":"https:\/\/cercledeconsciencia.com\/#\/schema\/logo\/image\/","url":"https:\/\/cercledeconsciencia.com\/wp-content\/uploads\/2023\/07\/logo.png","contentUrl":"https:\/\/cercledeconsciencia.com\/wp-content\/uploads\/2023\/07\/logo.png","width":239,"height":68,"caption":"Cercle de Consciència"},"image":{"@id":"https:\/\/cercledeconsciencia.com\/#\/schema\/logo\/image\/"},"sameAs":["https:\/\/www.facebook.com\/Cercledeconscienciabarcelona?_rdr","https:\/\/www.instagram.com\/cercledeconsciencia\/","https:\/\/www.youtube.com\/c\/cercledeconsciencia"]}]}</script>
<!-- / Yoast SEO plugin. -->

Taller Introductorio: Los Tres Pilares. Ibiza. - Cercle de Consciència

Introductorio a la Formación en Gestalt Integrativa Te invitamos a conocer los tres pilares de la Gestalt: el Aquí y Ahora, el Darse cuenta y la Responsabilidad. Crearemos un espacio [&hellip;]

Cercle de Consciència

Centro de Formación y Terapias
